{"id":30062,"date":"2024-05-02T23:07:00","date_gmt":"2024-05-02T21:07:00","guid":{"rendered":"https:\/\/association-welle.geekworkers.dev\/?p=30062"},"modified":"2025-06-12T13:12:46","modified_gmt":"2025-06-12T11:12:46","slug":"sofortiger-hinrichtungsstopp-fur-alle-im-iran-verhafteten-demonstranten","status":"publish","type":"projects","link":"https:\/\/vereinwelle.ch\/de\/projects\/immediate-execution-halt-for-all-protesters-arrested-in-iran\/","title":{"rendered":"Forderung nach einem Stopp der Hinrichtungen von verhafteten iranischen Demonstranten"},"content":{"rendered":"<p>Bei der j\u00fcngsten Protestwelle im Iran wurden \u00fcber 30 000 Demonstranten verhaftet, und mindestens 2 000 von ihnen droht die Hinrichtung. Die landesweiten Proteste gegen das fundamentalistische und frauenfeindliche Mullah-Regime halten trotz brutaler Unterdr\u00fcckung seit dem 16. September 2022 an. Die iranische Bev\u00f6lkerung, angef\u00fchrt von Frauen und Jugendlichen, setzt sich weiterhin mutig f\u00fcr die Menschenrechte, die Rechte religi\u00f6ser und ethnischer Minderheiten und die Freiheit f\u00fcr alle Iraner ein.<\/p>\n\n\n\n<div class=\"wp-block-columns is-layout-flex wp-container-core-columns-is-layout-28f84493 wp-block-columns-is-layout-flex\">\n<div class=\"wp-block-column is-vertically-aligned-center is-layout-flow wp-block-column-is-layout-flow\">\n<figure class=\"wp-block-image size-full\"><img fetchpriority=\"high\" decoding=\"async\" width=\"570\" height=\"511\" src=\"https:\/\/vereinwelle.ch\/wp-content\/uploads\/2024\/07\/csm_Eilaktion-Hinrichtungen_Okt-1_01_db54a05182-1.jpg\" alt=\"\" class=\"wp-image-30104\" srcset=\"https:\/\/vereinwelle.ch\/wp-content\/uploads\/2024\/07\/csm_Eilaktion-Hinrichtungen_Okt-1_01_db54a05182-1.jpg 570w, https:\/\/vereinwelle.ch\/wp-content\/uploads\/2024\/07\/csm_Eilaktion-Hinrichtungen_Okt-1_01_db54a05182-1-300x269.jpg 300w\" sizes=\"(max-width: 570px) 100vw, 570px\" \/><\/figure>\n<\/div>\n\n\n\n<div class=\"wp-block-column is-vertically-aligned-center is-layout-flow wp-block-column-is-layout-flow\">\n<ul class=\"wp-block-list\">\n<li>Seit Beginn der Proteste im September 2022 hat das iranische Regime sein Vorgehen versch\u00e4rft, was zu Massenverhaftungen und Todesurteilen f\u00fchrte.<\/li>\n\n\n\n<li>Das Regime nutzt die neue Krise im Nahen Osten, um ein Massaker an der iranischen Bev\u00f6lkerung zu ver\u00fcben, in der Hoffnung, die wachsende B\u00fcrgerbewegung niederzuschlagen.<\/li>\n\n\n\n<li>Vielen jungen Demonstranten droht nun die Todesstrafe oder sie wurden an unbekannte Orte gebracht, wodurch ihr Leben in gro\u00dfer Gefahr ist.<\/li>\n<\/ul>\n<\/div>\n<\/div>\n\n\n\n<div class=\"wp-block-columns is-layout-flex wp-container-core-columns-is-layout-28f84493 wp-block-columns-is-layout-flex\">\n<div class=\"wp-block-column is-vertically-aligned-center is-layout-flow wp-block-column-is-layout-flow\">\n<ul class=\"wp-block-list\">\n<li><strong>Dringende Ma\u00dfnahmen f\u00fcr Toomaj Salehi:<\/strong> Der 33-j\u00e4hrige K\u00fcnstler und politische Gefangene Toomaj Salehi, ein Maschinenbauingenieur und beliebter Rapper, der f\u00fcr seine regimekritischen Lieder bekannt ist, wurde am 24. April zum Tode verurteilt. Sein Urteil ist noch nicht rechtskr\u00e4ftig, und es muss sofort gehandelt werden, um sein Leben zu retten.<\/li>\n\n\n\n<li><strong>Internationale Kampagnen:<\/strong> Die Vereinte Welle hat eine internationale Kampagne mit Mahnwachen, \u00f6ffentlichen Aufkl\u00e4rungsma\u00dfnahmen und Appellen an hochrangige Menschenrechtsvertreter gestartet, um die Hinrichtung und Folterung von inhaftierten Demonstranten, insbesondere von Frauen und Jugendlichen, zu verhindern.<\/li>\n<\/ul>\n<\/div>\n\n\n\n<div class=\"wp-block-column is-vertically-aligned-center is-layout-flow wp-block-column-is-layout-flow\">\n<figure class=\"wp-block-image size-full\"><img decoding=\"async\" width=\"570\" height=\"511\" src=\"https:\/\/vereinwelle.ch\/wp-content\/uploads\/2024\/07\/csm_Toomaj_2_Salehi_4d50eaeb6a.jpg\" alt=\"\" class=\"wp-image-30105\" srcset=\"https:\/\/vereinwelle.ch\/wp-content\/uploads\/2024\/07\/csm_Toomaj_2_Salehi_4d50eaeb6a.jpg 570w, https:\/\/vereinwelle.ch\/wp-content\/uploads\/2024\/07\/csm_Toomaj_2_Salehi_4d50eaeb6a-300x269.jpg 300w\" sizes=\"(max-width: 570px) 100vw, 570px\" \/><\/figure>\n<\/div>\n<\/div>\n\n\n\n<h2 class=\"wp-block-heading\"><strong>\"DIESE SCHOCKIERENDEN VERBRECHEN M\u00dcSSEN SO SCHNELL WIE M\u00d6GLICH GESTOPPT WERDEN!\"<\/strong><\/h2>\n\n\n\n<p>Zahlreiche Gefangene, die seit mehr als zehn Jahren inhaftiert sind, sowie Hunderte von Demonstranten in verschiedenen St\u00e4dten Kurdistans und anderen Provinzen Irans wurden unter verschiedenen Vorw\u00e4nden verhaftet und in das gef\u00fcrchtete Qezal-Hesar-Gef\u00e4ngnis in Karadj gebracht, wo es an den Mindestanforderungen f\u00fcr Hygiene, Ern\u00e4hrung und menschenw\u00fcrdige Unterbringung fehlt.<br>Dieses Regime hat im Jahr 2023 mehr als 850 Gefangene hingerichtet.<\/p>\n\n\n\n<figure class=\"wp-block-image size-full\"><img decoding=\"async\" width=\"570\" height=\"308\" src=\"https:\/\/vereinwelle.ch\/wp-content\/uploads\/2024\/06\/csm_Welle_a9e3fe79b6.jpg\" alt=\"\" class=\"wp-image-30051\" style=\"aspect-ratio:16\/9;object-fit:cover\" srcset=\"https:\/\/vereinwelle.ch\/wp-content\/uploads\/2024\/06\/csm_Welle_a9e3fe79b6.jpg 570w, https:\/\/vereinwelle.ch\/wp-content\/uploads\/2024\/06\/csm_Welle_a9e3fe79b6-300x162.jpg 300w\" sizes=\"(max-width: 570px) 100vw, 570px\" \/><\/figure>\n\n\n\n<h3 class=\"wp-block-heading\">Advocacy und \u00f6ffentliches Bewusstsein<\/h3>\n\n\n\n<ul class=\"wp-block-list\">\n<li>Durchf\u00fchrung von Mahnwachen und \u00f6ffentlichen Demonstrationen, um die internationale Aufmerksamkeit auf die Notlage der iranischen Gefangenen zu lenken.<\/li>\n\n\n\n<li>Zusammenarbeit mit globalen Menschenrechtsorganisationen, um dem Ruf nach sofortigen Ma\u00dfnahmen gegen Hinrichtungen Nachdruck zu verleihen.<\/li>\n<\/ul>\n\n\n\n<h3 class=\"wp-block-heading\">Rechtliche und diplomatische Bem\u00fchungen<\/h3>\n\n\n\n<ul class=\"wp-block-list\">\n<li>Vorlage detaillierter Berichte und Nachweise beim Hohen Kommissar der Vereinten Nationen f\u00fcr Menschenrechte und beim UN-Menschenrechtsrat.<\/li>\n\n\n\n<li>Kontinuierliche Lobbyarbeit und diplomatische Bem\u00fchungen, um internationalen und rechtlichen Druck auf das iranische Regime auszu\u00fcben.<\/li>\n<\/ul>\n\n\n\n<p><\/p>\n\n\n\n<div class=\"wp-block-columns is-layout-flex wp-container-core-columns-is-layout-28f84493 wp-block-columns-is-layout-flex\">\n<div class=\"wp-block-column is-vertically-aligned-center is-layout-flow wp-block-column-is-layout-flow\">\n<figure class=\"wp-block-image aligncenter size-full\"><img loading=\"lazy\" decoding=\"async\" width=\"488\" height=\"255\" src=\"https:\/\/vereinwelle.ch\/wp-content\/uploads\/2024\/06\/Mohamad_Javad_Vafaii.jpg\" alt=\"\" class=\"wp-image-30106\" srcset=\"https:\/\/vereinwelle.ch\/wp-content\/uploads\/2024\/06\/Mohamad_Javad_Vafaii.jpg 488w, https:\/\/vereinwelle.ch\/wp-content\/uploads\/2024\/06\/Mohamad_Javad_Vafaii-300x157.jpg 300w\" sizes=\"(max-width: 488px) 100vw, 488px\" \/><\/figure>\n<\/div>\n\n\n\n<div class=\"wp-block-column is-vertically-aligned-center is-layout-flow wp-block-column-is-layout-flow\">\n<ul class=\"wp-block-list\">\n<li><strong>Mohammad Javad Vafaei:<\/strong> Der 27-J\u00e4hrige wurde wegen seiner Teilnahme an Protesten in Mashhad verhaftet und 65 Tage lang physisch und psychisch gefoltert. Der Boxchampion und Lehrer wurde durch internationale Kampagnen und Verurteilungen durch Nobelpreistr\u00e4ger und prominente Pers\u00f6nlichkeiten gerettet.<\/li>\n<\/ul>\n<\/div>\n<\/div>\n\n\n\n<p>Wir m\u00fcssen weiterhin internationalen und rechtlichen Druck aus\u00fcben, um die Hinrichtungspl\u00e4ne des iranischen Regimes zu stoppen. Kontinuierliche Kampagnen und die Sensibilisierung der \u00d6ffentlichkeit sind entscheidend, um dem Regime die H\u00e4nde zu binden und Leben zu retten.<\/p>","protected":false},"excerpt":{"rendered":"<p>In the recent wave of protests in Iran, over 30,000 demonstrators have been arrested, with at least 2,000 facing imminent execution. The nationwide protests against the fundamentalist and misogynistic Mullah regime have persisted since September 16, 2022, despite brutal repression. The Iranian populace, led by women and youth, continues to bravely advocate for human rights, [&hellip;]<\/p>\n","protected":false},"featured_media":30611,"template":"","project-category":[],"class_list":["post-30062","projects","type-projects","status-publish","has-post-thumbnail","hentry"],"_links":{"self":[{"href":"https:\/\/vereinwelle.ch\/de\/wp-json\/wp\/v2\/projects\/30062","targetHints":{"allow":["GET"]}}],"collection":[{"href":"https:\/\/vereinwelle.ch\/de\/wp-json\/wp\/v2\/projects"}],"about":[{"href":"https:\/\/vereinwelle.ch\/de\/wp-json\/wp\/v2\/types\/projects"}],"wp:featuredmedia":[{"embeddable":true,"href":"https:\/\/vereinwelle.ch\/de\/wp-json\/wp\/v2\/media\/30611"}],"wp:attachment":[{"href":"https:\/\/vereinwelle.ch\/de\/wp-json\/wp\/v2\/media?parent=30062"}],"wp:term":[{"taxonomy":"project-category","embeddable":true,"href":"https:\/\/vereinwelle.ch\/de\/wp-json\/wp\/v2\/project-category?post=30062"}],"curies":[{"name":"wp","href":"https:\/\/api.w.org\/{rel}","templated":true}]}}

<p>Bei der jüngsten Protestwelle im Iran wurden über 30 000 Demonstranten verhaftet, und mindestens 2 000 von ihnen droht die Hinrichtung. Die landesweiten Proteste gegen das fundamentalistische und frauenfeindliche Mullah-Regime halten trotz brutaler Unterdrückung seit dem 16. September 2022 an. Die iranische Bevölkerung, angeführt von Frauen und Jugendlichen, setzt sich weiterhin mutig für die Menschenrechte, die Rechte religiöser und ethnischer Minderheiten und die Freiheit für alle Iraner ein.</p>



<div class="wp-block-columns is-layout-flex wp-container-core-columns-is-layout-28f84493 wp-block-columns-is-layout-flex">
<div class="wp-block-column is-vertically-aligned-center is-layout-flow wp-block-column-is-layout-flow">
<figure class="wp-block-image size-full"><img fetchpriority="high" decoding="async" width="570" height="511" src="https://vereinwelle.ch/wp-content/uploads/2024/07/csm_Eilaktion-Hinrichtungen_Okt-1_01_db54a05182-1.jpg" alt="" class="wp-image-30104" srcset="https://vereinwelle.ch/wp-content/uploads/2024/07/csm_Eilaktion-Hinrichtungen_Okt-1_01_db54a05182-1.jpg 570w, https://vereinwelle.ch/wp-content/uploads/2024/07/csm_Eilaktion-Hinrichtungen_Okt-1_01_db54a05182-1-300x269.jpg 300w" sizes="(max-width: 570px) 100vw, 570px" /></figure>
</div>



<div class="wp-block-column is-vertically-aligned-center is-layout-flow wp-block-column-is-layout-flow">
<ul class="wp-block-list">
<li>Seit Beginn der Proteste im September 2022 hat das iranische Regime sein Vorgehen verschärft, was zu Massenverhaftungen und Todesurteilen führte.</li>



<li>Das Regime nutzt die neue Krise im Nahen Osten, um ein Massaker an der iranischen Bevölkerung zu verüben, in der Hoffnung, die wachsende Bürgerbewegung niederzuschlagen.</li>



<li>Vielen jungen Demonstranten droht nun die Todesstrafe oder sie wurden an unbekannte Orte gebracht, wodurch ihr Leben in großer Gefahr ist.</li>
</ul>
</div>
</div>



<div class="wp-block-columns is-layout-flex wp-container-core-columns-is-layout-28f84493 wp-block-columns-is-layout-flex">
<div class="wp-block-column is-vertically-aligned-center is-layout-flow wp-block-column-is-layout-flow">
<ul class="wp-block-list">
<li><strong>Dringende Maßnahmen für Toomaj Salehi:</strong> Der 33-jährige Künstler und politische Gefangene Toomaj Salehi, ein Maschinenbauingenieur und beliebter Rapper, der für seine regimekritischen Lieder bekannt ist, wurde am 24. April zum Tode verurteilt. Sein Urteil ist noch nicht rechtskräftig, und es muss sofort gehandelt werden, um sein Leben zu retten.</li>



<li><strong>Internationale Kampagnen:</strong> Die Vereinte Welle hat eine internationale Kampagne mit Mahnwachen, öffentlichen Aufklärungsmaßnahmen und Appellen an hochrangige Menschenrechtsvertreter gestartet, um die Hinrichtung und Folterung von inhaftierten Demonstranten, insbesondere von Frauen und Jugendlichen, zu verhindern.</li>
</ul>
</div>



<div class="wp-block-column is-vertically-aligned-center is-layout-flow wp-block-column-is-layout-flow">
<figure class="wp-block-image size-full"><img decoding="async" width="570" height="511" src="https://vereinwelle.ch/wp-content/uploads/2024/07/csm_Toomaj_2_Salehi_4d50eaeb6a.jpg" alt="" class="wp-image-30105" srcset="https://vereinwelle.ch/wp-content/uploads/2024/07/csm_Toomaj_2_Salehi_4d50eaeb6a.jpg 570w, https://vereinwelle.ch/wp-content/uploads/2024/07/csm_Toomaj_2_Salehi_4d50eaeb6a-300x269.jpg 300w" sizes="(max-width: 570px) 100vw, 570px" /></figure>
</div>
</div>



<h2 class="wp-block-heading"><strong>"DIESE SCHOCKIERENDEN VERBRECHEN MÜSSEN SO SCHNELL WIE MÖGLICH GESTOPPT WERDEN!"</strong></h2>



<p>Zahlreiche Gefangene, die seit mehr als zehn Jahren inhaftiert sind, sowie Hunderte von Demonstranten in verschiedenen Städten Kurdistans und anderen Provinzen Irans wurden unter verschiedenen Vorwänden verhaftet und in das gefürchtete Qezal-Hesar-Gefängnis in Karadj gebracht, wo es an den Mindestanforderungen für Hygiene, Ernährung und menschenwürdige Unterbringung fehlt.<br>Dieses Regime hat im Jahr 2023 mehr als 850 Gefangene hingerichtet.</p>



<figure class="wp-block-image size-full"><img decoding="async" width="570" height="308" src="https://vereinwelle.ch/wp-content/uploads/2024/06/csm_Welle_a9e3fe79b6.jpg" alt="" class="wp-image-30051" style="aspect-ratio:16/9;object-fit:cover" srcset="https://vereinwelle.ch/wp-content/uploads/2024/06/csm_Welle_a9e3fe79b6.jpg 570w, https://vereinwelle.ch/wp-content/uploads/2024/06/csm_Welle_a9e3fe79b6-300x162.jpg 300w" sizes="(max-width: 570px) 100vw, 570px" /></figure>



<h3 class="wp-block-heading">Advocacy und öffentliches Bewusstsein</h3>



<ul class="wp-block-list">
<li>Durchführung von Mahnwachen und öffentlichen Demonstrationen, um die internationale Aufmerksamkeit auf die Notlage der iranischen Gefangenen zu lenken.</li>



<li>Zusammenarbeit mit globalen Menschenrechtsorganisationen, um dem Ruf nach sofortigen Maßnahmen gegen Hinrichtungen Nachdruck zu verleihen.</li>
</ul>



<h3 class="wp-block-heading">Rechtliche und diplomatische Bemühungen</h3>



<ul class="wp-block-list">
<li>Vorlage detaillierter Berichte und Nachweise beim Hohen Kommissar der Vereinten Nationen für Menschenrechte und beim UN-Menschenrechtsrat.</li>



<li>Kontinuierliche Lobbyarbeit und diplomatische Bemühungen, um internationalen und rechtlichen Druck auf das iranische Regime auszuüben.</li>
</ul>



<p></p>



<div class="wp-block-columns is-layout-flex wp-container-core-columns-is-layout-28f84493 wp-block-columns-is-layout-flex">
<div class="wp-block-column is-vertically-aligned-center is-layout-flow wp-block-column-is-layout-flow">
<figure class="wp-block-image aligncenter size-full"><img loading="lazy" decoding="async" width="488" height="255" src="https://vereinwelle.ch/wp-content/uploads/2024/06/Mohamad_Javad_Vafaii.jpg" alt="" class="wp-image-30106" srcset="https://vereinwelle.ch/wp-content/uploads/2024/06/Mohamad_Javad_Vafaii.jpg 488w, https://vereinwelle.ch/wp-content/uploads/2024/06/Mohamad_Javad_Vafaii-300x157.jpg 300w" sizes="(max-width: 488px) 100vw, 488px" /></figure>
</div>



<div class="wp-block-column is-vertically-aligned-center is-layout-flow wp-block-column-is-layout-flow">
<ul class="wp-block-list">
<li><strong>Mohammad Javad Vafaei:</strong> Der 27-Jährige wurde wegen seiner Teilnahme an Protesten in Mashhad verhaftet und 65 Tage lang physisch und psychisch gefoltert. Der Boxchampion und Lehrer wurde durch internationale Kampagnen und Verurteilungen durch Nobelpreisträger und prominente Persönlichkeiten gerettet.</li>
</ul>
</div>
</div>



<p>Wir müssen weiterhin internationalen und rechtlichen Druck ausüben, um die Hinrichtungspläne des iranischen Regimes zu stoppen. Kontinuierliche Kampagnen und die Sensibilisierung der Öffentlichkeit sind entscheidend, um dem Regime die Hände zu binden und Leben zu retten.</p>
