{"id":30083,"date":"2024-01-02T20:43:00","date_gmt":"2024-01-02T19:43:00","guid":{"rendered":"https:\/\/association-welle.geekworkers.dev\/?p=30083"},"modified":"2025-06-12T13:46:16","modified_gmt":"2025-06-12T11:46:16","slug":"rettung-des-lebens-von-festgenommenen-friedlichen-demonstranten","status":"publish","type":"projects","link":"https:\/\/vereinwelle.ch\/de\/projects\/saving-the-lives-of-arrested-peaceful-demonstrators\/","title":{"rendered":"Bem\u00fchungen um die Rettung des Lebens verhafteter friedlicher Demonstranten im Iran"},"content":{"rendered":"<h2 class=\"wp-block-heading\">Aktualisiert Januar 2024: Stoppt die Gewalt gegen friedliche B\u00fcrgerproteste im Iran!<\/h2>\n\n\n\n<p>Am 17. September 2022 entlud sich schlie\u00dflich die seit 40 Jahren aufgestaute Wut der iranischen Bev\u00f6lkerung, insbesondere der Frauen. Am Tag zuvor wurde die 22-j\u00e4hrige Mahsa Amini von den so genannten Sittenw\u00e4chtern des Regimes mit einem Kn\u00fcppel auf den Kopf geschlagen - sie erlitt eine schwere Sch\u00e4delfraktur und starb kurz darauf. Mahsas Ermordung war der Ausl\u00f6ser f\u00fcr Hunderttausende iranischer B\u00fcrger, die, angef\u00fchrt von Frauen, Proteste organisierten<strong>\u00a0in mehr als 215 St\u00e4dten<\/strong>ein offener Aufschrei zur Verteidigung der grundlegenden Menschenrechte von Mahsa und allen Frauen, allen Jugendlichen und allen Menschen im Iran.<\/p>\n\n\n\n<div class=\"wp-block-columns is-layout-flex wp-container-core-columns-is-layout-28f84493 wp-block-columns-is-layout-flex\">\n<div class=\"wp-block-column is-layout-flow wp-block-column-is-layout-flow\">\n<figure class=\"wp-block-image size-full\"><img fetchpriority=\"high\" decoding=\"async\" width=\"584\" height=\"389\" src=\"https:\/\/vereinwelle.ch\/wp-content\/uploads\/2024\/06\/Iran_uprising_2022_women.jpg\" alt=\"\" class=\"wp-image-30054\" srcset=\"https:\/\/vereinwelle.ch\/wp-content\/uploads\/2024\/06\/Iran_uprising_2022_women.jpg 584w, https:\/\/vereinwelle.ch\/wp-content\/uploads\/2024\/06\/Iran_uprising_2022_women-300x200.jpg 300w\" sizes=\"(max-width: 584px) 100vw, 584px\" \/><\/figure>\n<\/div>\n\n\n\n<div class=\"wp-block-column is-layout-flow wp-block-column-is-layout-flow\">\n<figure class=\"wp-block-image size-full\"><img decoding=\"async\" width=\"584\" height=\"389\" src=\"https:\/\/vereinwelle.ch\/wp-content\/uploads\/2024\/06\/Mahsa_Amini.jpg\" alt=\"\" class=\"wp-image-30055\" srcset=\"https:\/\/vereinwelle.ch\/wp-content\/uploads\/2024\/06\/Mahsa_Amini.jpg 584w, https:\/\/vereinwelle.ch\/wp-content\/uploads\/2024\/06\/Mahsa_Amini-300x200.jpg 300w\" sizes=\"(max-width: 584px) 100vw, 584px\" \/><\/figure>\n<\/div>\n<\/div>\n\n\n\n<p>Die Demonstranten fordern Freiheit, Gleichheit, Menschenrechte und ein Ende der religi\u00f6s-fundamentalistischen Diktatur im Iran. Mit au\u00dferordentlichem Mut sind Frauen die Anf\u00fchrerinnen und Vorreiterinnen dieser Massendemonstrationen - Frauen, die nichts zu verlieren und alles zu gewinnen haben, wenn sie ihrem Unmut \u00fcber dieses despotische Regime gemeinsam Ausdruck verleihen.<\/p>\n\n\n\n<div class=\"wp-block-columns is-layout-flex wp-container-core-columns-is-layout-28f84493 wp-block-columns-is-layout-flex\">\n<div class=\"wp-block-column is-layout-flow wp-block-column-is-layout-flow\">\n<figure class=\"wp-block-image size-full\"><img decoding=\"async\" width=\"584\" height=\"389\" src=\"https:\/\/vereinwelle.ch\/wp-content\/uploads\/2024\/06\/Iran_uprisgin_2022__1_.jpg\" alt=\"\" class=\"wp-image-30052\" srcset=\"https:\/\/vereinwelle.ch\/wp-content\/uploads\/2024\/06\/Iran_uprisgin_2022__1_.jpg 584w, https:\/\/vereinwelle.ch\/wp-content\/uploads\/2024\/06\/Iran_uprisgin_2022__1_-300x200.jpg 300w\" sizes=\"(max-width: 584px) 100vw, 584px\" \/><\/figure>\n<\/div>\n\n\n\n<div class=\"wp-block-column is-layout-flow wp-block-column-is-layout-flow\">\n<figure class=\"wp-block-image size-full\"><img loading=\"lazy\" decoding=\"async\" width=\"584\" height=\"389\" src=\"https:\/\/vereinwelle.ch\/wp-content\/uploads\/2024\/06\/Iran_uprisgin_2022__2_.jpg\" alt=\"\" class=\"wp-image-30053\" srcset=\"https:\/\/vereinwelle.ch\/wp-content\/uploads\/2024\/06\/Iran_uprisgin_2022__2_.jpg 584w, https:\/\/vereinwelle.ch\/wp-content\/uploads\/2024\/06\/Iran_uprisgin_2022__2_-300x200.jpg 300w\" sizes=\"(max-width: 584px) 100vw, 584px\" \/><\/figure>\n<\/div>\n<\/div>\n\n\n\n<p>Das Mullah-Regime hat auf die friedlichen Proteste der Bev\u00f6lkerung mit mehr Gewalt als je zuvor reagiert. In der Absicht, die Demonstranten zu t\u00f6ten, setzen die Repressionskr\u00e4fte der Regierung scharfe Munition gegen die Menschen ein, und in einigen St\u00e4dten schossen sie sogar aus Hubschraubern auf die friedlichen Demonstranten.&nbsp;<strong>Bislang hat die Diktatur mehr als 750 Menschen get\u00f6tet und mehr als 30.000 verhaftet - und es werden t\u00e4glich mehr.<\/strong>&nbsp;Die in Gewahrsam genommenen Frauen und Jugendlichen werden vom Gef\u00e4ngnispersonal geschlagen und gefoltert.<\/p>\n\n\n\n<figure class=\"wp-block-image size-large\"><img loading=\"lazy\" decoding=\"async\" width=\"1024\" height=\"273\" src=\"https:\/\/vereinwelle.ch\/wp-content\/uploads\/2024\/07\/csm_2_b41ecf1559-1024x273.jpg\" alt=\"\" class=\"wp-image-30084\" srcset=\"https:\/\/vereinwelle.ch\/wp-content\/uploads\/2024\/07\/csm_2_b41ecf1559-1024x273.jpg 1024w, https:\/\/vereinwelle.ch\/wp-content\/uploads\/2024\/07\/csm_2_b41ecf1559-300x80.jpg 300w, https:\/\/vereinwelle.ch\/wp-content\/uploads\/2024\/07\/csm_2_b41ecf1559-768x205.jpg 768w, https:\/\/vereinwelle.ch\/wp-content\/uploads\/2024\/07\/csm_2_b41ecf1559.jpg 1200w\" sizes=\"(max-width: 1024px) 100vw, 1024px\" \/><\/figure>\n\n\n\n<p>(Bis heute wurden mehr als 400 Menschen von der Diktatur get\u00f6tet.)<\/p>\n\n\n\n<h3 class=\"wp-block-heading\">DAS IRANISCHE VOLK BRAUCHT UNSERE UNTERST\u00dcTZUNG UND HILFE MEHR ALS JE ZUVOR.<\/h3>\n\n\n\n<p><strong>Gemeinsam mit den Familien der Opfer setzen wir uns seit Beginn der Demonstrationen mit Konferenzen, Mahnwachen, Protestaktionen und \u00d6ffentlichkeitsarbeit \u00fcber Satellitenkan\u00e4le f\u00fcr die Freiheit der unschuldigen Frauen und Jugendlichen ein - vor allem, wenn das Regime im Iran das Internet abschaltet.<\/strong><\/p>\n\n\n\n<p>Dank unserer langj\u00e4hrigen Erfahrung in diesem Bereich k\u00f6nnen wir das Leben vieler unschuldiger Menschen retten und sie vor der drohenden Hinrichtung und Folter bewahren.<\/p>\n\n\n\n<h3 class=\"wp-block-heading\">UM UNSERE LEBENSRETTENDE KAMPAGNE FORTZUSETZEN, BRAUCHEN WIR IHRE FINANZIELLE UNTERST\u00dcTZUNG. BITTE HELFEN SIE DEN UNSCHULDIGEN, TAPFEREN FRAUEN UND JUNGEN MENSCHEN IM IRAN SO GUT SIE K\u00d6NNEN.<\/h3>\n\n\n\n<p><strong>Helfen Sie uns<\/strong><\/p>\n\n\n\n<ul class=\"wp-block-list\">\n<li><strong>Rettung von H\u00e4ftlingen, denen die Hinrichtung droht, und Aufhebung von Todesurteilen<\/strong><\/li>\n\n\n\n<li><strong>Beendigung von Folter und unmenschlicher Behandlung durch die repressiven Kr\u00e4fte des Regimes.<\/strong><\/li>\n\n\n\n<li><strong>Durchsetzung der Rechte der Frauen und Beendigung der Unterdr\u00fcckung von Frauen.<\/strong><\/li>\n<\/ul>\n\n\n\n<div class=\"wp-block-columns is-layout-flex wp-container-core-columns-is-layout-28f84493 wp-block-columns-is-layout-flex\">\n<div class=\"wp-block-column is-layout-flow wp-block-column-is-layout-flow\">\n<figure class=\"wp-block-image size-full\"><img loading=\"lazy\" decoding=\"async\" width=\"584\" height=\"389\" src=\"https:\/\/vereinwelle.ch\/wp-content\/uploads\/2024\/07\/Genf_Mahsa_Amini_-_Copy.jpg\" alt=\"\" class=\"wp-image-30085\" srcset=\"https:\/\/vereinwelle.ch\/wp-content\/uploads\/2024\/07\/Genf_Mahsa_Amini_-_Copy.jpg 584w, https:\/\/vereinwelle.ch\/wp-content\/uploads\/2024\/07\/Genf_Mahsa_Amini_-_Copy-300x200.jpg 300w\" sizes=\"(max-width: 584px) 100vw, 584px\" \/><\/figure>\n<\/div>\n\n\n\n<div class=\"wp-block-column is-layout-flow wp-block-column-is-layout-flow\">\n<figure class=\"wp-block-image size-full\"><img loading=\"lazy\" decoding=\"async\" width=\"584\" height=\"389\" src=\"https:\/\/vereinwelle.ch\/wp-content\/uploads\/2024\/07\/Genf_Mahnwache.jpg\" alt=\"\" class=\"wp-image-30086\" srcset=\"https:\/\/vereinwelle.ch\/wp-content\/uploads\/2024\/07\/Genf_Mahnwache.jpg 584w, https:\/\/vereinwelle.ch\/wp-content\/uploads\/2024\/07\/Genf_Mahnwache-300x200.jpg 300w\" sizes=\"(max-width: 584px) 100vw, 584px\" \/><\/figure>\n<\/div>\n<\/div>\n\n\n\n<h2 class=\"wp-block-heading\">Schlussfolgerung<\/h2>\n\n\n\n<p>Das iranische Volk braucht unsere Unterst\u00fctzung mehr denn je. Anhaltender internationaler Druck und F\u00fcrsprache sind entscheidend, um diese Gr\u00e4ueltaten zu stoppen und den Kampf f\u00fcr Freiheit und Gleichheit im Iran zu unterst\u00fctzen.<\/p>","protected":false},"excerpt":{"rendered":"<p>Updated Jan 2024: Stop the violence against peaceful civil protests in Iran! On 17 September 2022, the 40 years of pent-up anger amongst the Iranian people, especially women, finally exploded. The day before,\u00a0Mahsa Amini, 22, was beaten on the head with a truncheon by the regime\u2019s so-called morality guards \u2013 she suffered a severe skull [&hellip;]<\/p>\n","protected":false},"featured_media":30053,"template":"","project-category":[],"class_list":["post-30083","projects","type-projects","status-publish","has-post-thumbnail","hentry"],"_links":{"self":[{"href":"https:\/\/vereinwelle.ch\/de\/wp-json\/wp\/v2\/projects\/30083","targetHints":{"allow":["GET"]}}],"collection":[{"href":"https:\/\/vereinwelle.ch\/de\/wp-json\/wp\/v2\/projects"}],"about":[{"href":"https:\/\/vereinwelle.ch\/de\/wp-json\/wp\/v2\/types\/projects"}],"wp:featuredmedia":[{"embeddable":true,"href":"https:\/\/vereinwelle.ch\/de\/wp-json\/wp\/v2\/media\/30053"}],"wp:attachment":[{"href":"https:\/\/vereinwelle.ch\/de\/wp-json\/wp\/v2\/media?parent=30083"}],"wp:term":[{"taxonomy":"project-category","embeddable":true,"href":"https:\/\/vereinwelle.ch\/de\/wp-json\/wp\/v2\/project-category?post=30083"}],"curies":[{"name":"wp","href":"https:\/\/api.w.org\/{rel}","templated":true}]}}

Bemühungen um die Rettung des Lebens verhafteter friedlicher Demonstranten im Iran

<h2 class="wp-block-heading">Aktualisiert Januar 2024: Stoppt die Gewalt gegen friedliche Bürgerproteste im Iran!</h2>



<p>Am 17. September 2022 entlud sich schließlich die seit 40 Jahren aufgestaute Wut der iranischen Bevölkerung, insbesondere der Frauen. Am Tag zuvor wurde die 22-jährige Mahsa Amini von den so genannten Sittenwächtern des Regimes mit einem Knüppel auf den Kopf geschlagen - sie erlitt eine schwere Schädelfraktur und starb kurz darauf. Mahsas Ermordung war der Auslöser für Hunderttausende iranischer Bürger, die, angeführt von Frauen, Proteste organisierten<strong> in mehr als 215 Städten</strong>ein offener Aufschrei zur Verteidigung der grundlegenden Menschenrechte von Mahsa und allen Frauen, allen Jugendlichen und allen Menschen im Iran.</p>



<div class="wp-block-columns is-layout-flex wp-container-core-columns-is-layout-28f84493 wp-block-columns-is-layout-flex">
<div class="wp-block-column is-layout-flow wp-block-column-is-layout-flow">
<figure class="wp-block-image size-full"><img fetchpriority="high" decoding="async" width="584" height="389" src="https://vereinwelle.ch/wp-content/uploads/2024/06/Iran_uprising_2022_women.jpg" alt="" class="wp-image-30054" srcset="https://vereinwelle.ch/wp-content/uploads/2024/06/Iran_uprising_2022_women.jpg 584w, https://vereinwelle.ch/wp-content/uploads/2024/06/Iran_uprising_2022_women-300x200.jpg 300w" sizes="(max-width: 584px) 100vw, 584px" /></figure>
</div>



<div class="wp-block-column is-layout-flow wp-block-column-is-layout-flow">
<figure class="wp-block-image size-full"><img decoding="async" width="584" height="389" src="https://vereinwelle.ch/wp-content/uploads/2024/06/Mahsa_Amini.jpg" alt="" class="wp-image-30055" srcset="https://vereinwelle.ch/wp-content/uploads/2024/06/Mahsa_Amini.jpg 584w, https://vereinwelle.ch/wp-content/uploads/2024/06/Mahsa_Amini-300x200.jpg 300w" sizes="(max-width: 584px) 100vw, 584px" /></figure>
</div>
</div>



<p>Die Demonstranten fordern Freiheit, Gleichheit, Menschenrechte und ein Ende der religiös-fundamentalistischen Diktatur im Iran. Mit außerordentlichem Mut sind Frauen die Anführerinnen und Vorreiterinnen dieser Massendemonstrationen - Frauen, die nichts zu verlieren und alles zu gewinnen haben, wenn sie ihrem Unmut über dieses despotische Regime gemeinsam Ausdruck verleihen.</p>



<div class="wp-block-columns is-layout-flex wp-container-core-columns-is-layout-28f84493 wp-block-columns-is-layout-flex">
<div class="wp-block-column is-layout-flow wp-block-column-is-layout-flow">
<figure class="wp-block-image size-full"><img decoding="async" width="584" height="389" src="https://vereinwelle.ch/wp-content/uploads/2024/06/Iran_uprisgin_2022__1_.jpg" alt="" class="wp-image-30052" srcset="https://vereinwelle.ch/wp-content/uploads/2024/06/Iran_uprisgin_2022__1_.jpg 584w, https://vereinwelle.ch/wp-content/uploads/2024/06/Iran_uprisgin_2022__1_-300x200.jpg 300w" sizes="(max-width: 584px) 100vw, 584px" /></figure>
</div>



<div class="wp-block-column is-layout-flow wp-block-column-is-layout-flow">
<figure class="wp-block-image size-full"><img loading="lazy" decoding="async" width="584" height="389" src="https://vereinwelle.ch/wp-content/uploads/2024/06/Iran_uprisgin_2022__2_.jpg" alt="" class="wp-image-30053" srcset="https://vereinwelle.ch/wp-content/uploads/2024/06/Iran_uprisgin_2022__2_.jpg 584w, https://vereinwelle.ch/wp-content/uploads/2024/06/Iran_uprisgin_2022__2_-300x200.jpg 300w" sizes="(max-width: 584px) 100vw, 584px" /></figure>
</div>
</div>



<p>Das Mullah-Regime hat auf die friedlichen Proteste der Bevölkerung mit mehr Gewalt als je zuvor reagiert. In der Absicht, die Demonstranten zu töten, setzen die Repressionskräfte der Regierung scharfe Munition gegen die Menschen ein, und in einigen Städten schossen sie sogar aus Hubschraubern auf die friedlichen Demonstranten.&nbsp;<strong>Bislang hat die Diktatur mehr als 750 Menschen getötet und mehr als 30.000 verhaftet - und es werden täglich mehr.</strong>&nbsp;Die in Gewahrsam genommenen Frauen und Jugendlichen werden vom Gefängnispersonal geschlagen und gefoltert.</p>



<figure class="wp-block-image size-large"><img loading="lazy" decoding="async" width="1024" height="273" src="https://vereinwelle.ch/wp-content/uploads/2024/07/csm_2_b41ecf1559-1024x273.jpg" alt="" class="wp-image-30084" srcset="https://vereinwelle.ch/wp-content/uploads/2024/07/csm_2_b41ecf1559-1024x273.jpg 1024w, https://vereinwelle.ch/wp-content/uploads/2024/07/csm_2_b41ecf1559-300x80.jpg 300w, https://vereinwelle.ch/wp-content/uploads/2024/07/csm_2_b41ecf1559-768x205.jpg 768w, https://vereinwelle.ch/wp-content/uploads/2024/07/csm_2_b41ecf1559.jpg 1200w" sizes="(max-width: 1024px) 100vw, 1024px" /></figure>



<p>(Bis heute wurden mehr als 400 Menschen von der Diktatur getötet.)</p>



<h3 class="wp-block-heading">DAS IRANISCHE VOLK BRAUCHT UNSERE UNTERSTÜTZUNG UND HILFE MEHR ALS JE ZUVOR.</h3>



<p><strong>Gemeinsam mit den Familien der Opfer setzen wir uns seit Beginn der Demonstrationen mit Konferenzen, Mahnwachen, Protestaktionen und Öffentlichkeitsarbeit über Satellitenkanäle für die Freiheit der unschuldigen Frauen und Jugendlichen ein - vor allem, wenn das Regime im Iran das Internet abschaltet.</strong></p>



<p>Dank unserer langjährigen Erfahrung in diesem Bereich können wir das Leben vieler unschuldiger Menschen retten und sie vor der drohenden Hinrichtung und Folter bewahren.</p>



<h3 class="wp-block-heading">UM UNSERE LEBENSRETTENDE KAMPAGNE FORTZUSETZEN, BRAUCHEN WIR IHRE FINANZIELLE UNTERSTÜTZUNG. BITTE HELFEN SIE DEN UNSCHULDIGEN, TAPFEREN FRAUEN UND JUNGEN MENSCHEN IM IRAN SO GUT SIE KÖNNEN.</h3>



<p><strong>Helfen Sie uns</strong></p>



<ul class="wp-block-list">
<li><strong>Rettung von Häftlingen, denen die Hinrichtung droht, und Aufhebung von Todesurteilen</strong></li>



<li><strong>Beendigung von Folter und unmenschlicher Behandlung durch die repressiven Kräfte des Regimes.</strong></li>



<li><strong>Durchsetzung der Rechte der Frauen und Beendigung der Unterdrückung von Frauen.</strong></li>
</ul>



<div class="wp-block-columns is-layout-flex wp-container-core-columns-is-layout-28f84493 wp-block-columns-is-layout-flex">
<div class="wp-block-column is-layout-flow wp-block-column-is-layout-flow">
<figure class="wp-block-image size-full"><img loading="lazy" decoding="async" width="584" height="389" src="https://vereinwelle.ch/wp-content/uploads/2024/07/Genf_Mahsa_Amini_-_Copy.jpg" alt="" class="wp-image-30085" srcset="https://vereinwelle.ch/wp-content/uploads/2024/07/Genf_Mahsa_Amini_-_Copy.jpg 584w, https://vereinwelle.ch/wp-content/uploads/2024/07/Genf_Mahsa_Amini_-_Copy-300x200.jpg 300w" sizes="(max-width: 584px) 100vw, 584px" /></figure>
</div>



<div class="wp-block-column is-layout-flow wp-block-column-is-layout-flow">
<figure class="wp-block-image size-full"><img loading="lazy" decoding="async" width="584" height="389" src="https://vereinwelle.ch/wp-content/uploads/2024/07/Genf_Mahnwache.jpg" alt="" class="wp-image-30086" srcset="https://vereinwelle.ch/wp-content/uploads/2024/07/Genf_Mahnwache.jpg 584w, https://vereinwelle.ch/wp-content/uploads/2024/07/Genf_Mahnwache-300x200.jpg 300w" sizes="(max-width: 584px) 100vw, 584px" /></figure>
</div>
</div>



<h2 class="wp-block-heading">Schlussfolgerung</h2>



<p>Das iranische Volk braucht unsere Unterstützung mehr denn je. Anhaltender internationaler Druck und Fürsprache sind entscheidend, um diese Gräueltaten zu stoppen und den Kampf für Freiheit und Gleichheit im Iran zu unterstützen.</p>
