{"id":32146,"date":"2026-03-21T13:42:01","date_gmt":"2026-03-21T12:42:01","guid":{"rendered":"https:\/\/vereinwelle.ch\/?post_type=projects&#038;p=32146"},"modified":"2026-04-01T17:02:21","modified_gmt":"2026-04-01T15:02:21","slug":"inhaftierte-demonstranten-im-iran-in-gefahr","status":"publish","type":"projects","link":"https:\/\/vereinwelle.ch\/de\/projects\/detained-protesters-in-iran-facing-danger\/","title":{"rendered":"URGENT: Leben in Gefahr im Iran; Hinrichtungen im Geheimen durchgef\u00fchrt"},"content":{"rendered":"<h2 class=\"wp-block-heading\">Inhaftierten Demonstranten im Iran droht die Hinrichtung in v\u00f6lliger Stille<\/h2>\n\n\n\n<p>In den letzten Monaten, <strong>Zehntausende von Menschen sind inhaftiert worden.<\/strong> nach dem landesweiten Aufstand gegen das klerikale Regime.<\/p>\n\n\n\n<p>Unter ihnen sind Studenten, M\u00fctter, V\u00e4ter - und, tragischerweise, <strong>Teenager im Alter von 10 bis 17 Jahren<\/strong>.<\/p>\n\n\n\n<p>F\u00fcr viele Familien wird der Albtraum durch die unertr\u00e4gliche Ungewissheit noch schlimmer. Sie wissen immer noch nicht, wo ihre Angeh\u00f6rigen festgehalten werden und unter welchen Bedingungen.<\/p>\n\n\n\n<p><strong>Heute, <mark style=\"background-color:#cf9f37\" class=\"has-inline-color\">die Situation hat eine kritische Grenze erreicht<\/mark>.<\/strong><\/p>\n\n\n\n<p>Aus vergangenen Aufst\u00e4nden wissen wir eines: In Momenten hoher Spannung kappt das Regime jegliche Kommunikation. Informationen aus den Gef\u00e4ngnissen verschwinden, der Zugang zu Anw\u00e4lten wird blockiert, und die Familien werden im Dunkeln gelassen.<\/p>\n\n\n\n<p>Gerade wenn keine Informationen vorliegen, k\u00f6nnen Menschenrechtsverletzungen eskalieren. <strong>ihre t\u00f6dlichste Stufe<\/strong>.<\/p>\n\n\n\n<p><strong>Sie haben die Macht, dies zu \u00e4ndern. Ihre Spende hilft uns, ihre Situation zu dokumentieren.<\/strong><\/p>\n\n\n\n<div class=\"wp-block-buttons is-layout-flex wp-block-buttons-is-layout-flex\">\n<div class=\"wp-block-button is-style-outline is-style-outline--1\"><a class=\"wp-block-button__link has-text-color has-link-color wp-element-button\" href=\"https:\/\/vereinwelle.ch\/de\/eine-spende-machen\/\" style=\"color:#cf9f37\"><strong><strong><strong><strong>Ich trage dazu bei, dass ihre Stimmen geh\u00f6rt werden<\/strong><\/strong><\/strong><\/strong><\/a><\/div>\n<\/div>\n\n\n\n<h2 class=\"wp-block-heading\"><strong>Ein geschlossenes System der Angst: Schnellgerichtsverfahren und Folter<\/strong><\/h2>\n\n\n\n<p>Das Regime setzt zunehmend auf so genannte \u201cSchnellverfahren\u201d.\u201d<\/p>\n\n\n\n<p>Diese \u00fcberst\u00fcrzten Verfahren bieten keinerlei Rechtsschutz. Ohne Anw\u00e4lte oder internationale Beobachter sind die Gefangenen der Willk\u00fcr ausgeliefert. <strong>der Gnade eines willk\u00fcrlichen und brutalen Gewaltsystems ausgeliefert<\/strong>.<\/p>\n\n\n\n<p>J\u00fcngste Berichte unserer Netzwerke vor Ort enth\u00fcllen schockierende Praktiken:<\/p>\n\n\n\n<ul class=\"wp-block-list\">\n<li><strong>Erzwungene Gest\u00e4ndnisse:<\/strong> H\u00e4ftlinge werden unter Druck gesetzt, falsche Aussagen zu unterschreiben<\/li>\n\n\n\n<li><strong>Psychologische und physische Zerst\u00f6rung:<\/strong> L\u00e4ngere Isolation wird eingesetzt, um Gefangene zu brechen.<\/li>\n\n\n\n<li><strong>Vollst\u00e4ndige Isolierung:<\/strong> Familien haben <strong>keine M\u00f6glichkeit zu wissen, ob ihre Kinder noch am Leben sind<\/strong><\/li>\n<\/ul>\n\n\n\n<figure class=\"wp-block-image size-full\"><img fetchpriority=\"high\" decoding=\"async\" width=\"1024\" height=\"576\" src=\"https:\/\/vereinwelle.ch\/wp-content\/uploads\/2026\/03\/1-ph.jpeg\" alt=\"schie\u00dfende Demonstranten\" class=\"wp-image-32210\" srcset=\"https:\/\/vereinwelle.ch\/wp-content\/uploads\/2026\/03\/1-ph.jpeg 1024w, https:\/\/vereinwelle.ch\/wp-content\/uploads\/2026\/03\/1-ph-300x169.jpeg 300w, https:\/\/vereinwelle.ch\/wp-content\/uploads\/2026\/03\/1-ph-768x432.jpeg 768w, https:\/\/vereinwelle.ch\/wp-content\/uploads\/2026\/03\/1-ph-18x10.jpeg 18w\" sizes=\"(max-width: 1024px) 100vw, 1024px\" \/><\/figure>\n\n\n\n<p><strong>Werden diese Missst\u00e4nde nicht aufgedeckt, gehen sie unkontrolliert weiter.<\/strong><\/p>\n\n\n\n<div class=\"wp-block-buttons is-layout-flex wp-block-buttons-is-layout-flex\">\n<div class=\"wp-block-button is-style-outline is-style-outline--2\"><a class=\"wp-block-button__link has-text-color has-link-color wp-element-button\" href=\"https:\/\/vereinwelle.ch\/de\/eine-spende-machen\/\" style=\"color:#cf9f37\"><strong><strong><strong>Helfen Sie uns, diese Verbrechen aufzukl\u00e4ren<\/strong><\/strong><\/strong><\/a><\/div>\n<\/div>\n\n\n\n<h2 class=\"wp-block-heading\"><strong>Eine rote Linie wurde \u00fcberschritten: Vom Tod bedrohte Kinder<\/strong><\/h2>\n\n\n\n<p>Der beunruhigendste Aspekt des Programms 2026 <strong>die systematische Verhaftung von Minderj\u00e4hrigen<\/strong>.<\/p>\n\n\n\n<p>Nach internationalem Recht muss Kindern im Alter von 10 bis 17 Jahren ein besonderer Schutz gew\u00e4hrt werden.<\/p>\n\n\n\n<p>Unter dem derzeitigen Regime sind sie jedoch der gleichen Brutalit\u00e4t ausgesetzt wie Erwachsene.<\/p>\n\n\n\n<p>Dies ist ein klarer Versto\u00df gegen die <a href=\"https:\/\/www.ohchr.org\/en\/instruments-mechanisms\/instruments\/convention-rights-child\" data-type=\"link\" data-id=\"https:\/\/www.ohchr.org\/en\/instruments-mechanisms\/instruments\/convention-rights-child\" target=\"_blank\" rel=\"noopener\">UN-Konvention<\/a> \u00fcber die Rechte des Kindes.<\/p>\n\n\n\n<figure class=\"wp-block-image size-full\"><img decoding=\"async\" width=\"1024\" height=\"747\" src=\"https:\/\/vereinwelle.ch\/wp-content\/uploads\/2026\/03\/image3.webp\" alt=\"\" class=\"wp-image-32166\" srcset=\"https:\/\/vereinwelle.ch\/wp-content\/uploads\/2026\/03\/image3.webp 1024w, https:\/\/vereinwelle.ch\/wp-content\/uploads\/2026\/03\/image3-300x219.webp 300w, https:\/\/vereinwelle.ch\/wp-content\/uploads\/2026\/03\/image3-768x560.webp 768w, https:\/\/vereinwelle.ch\/wp-content\/uploads\/2026\/03\/image3-16x12.webp 16w\" sizes=\"(max-width: 1024px) 100vw, 1024px\" \/><\/figure>\n\n\n\n<p><strong>Jeder Tag, an dem sie nichts unternehmen, erh\u00f6ht ihr Risiko.<\/strong><\/p>\n\n\n\n<div class=\"wp-block-buttons is-layout-flex wp-block-buttons-is-layout-flex\">\n<div class=\"wp-block-button is-style-outline is-style-outline--3\"><a class=\"wp-block-button__link has-text-color has-link-color wp-element-button\" href=\"https:\/\/vereinwelle.ch\/de\/eine-spende-machen\/\" style=\"color:#cf9f37\"><strong><strong>Handeln Sie jetzt, um sie zu sch\u00fctzen<\/strong><\/strong><\/a><\/div>\n<\/div>\n\n\n\n<h2 class=\"wp-block-heading\"><strong>Wie durchbrechen wir die Informationsblockade?<\/strong><\/h2>\n\n\n\n<p>In dieser Dunkelheit ist die Sichtbarkeit der einzige Schutz, der diese Gefangenen am Leben erh\u00e4lt.<\/p>\n\n\n\n<p>Mit \u00fcber <strong>20 Jahre Erfahrung<\/strong> Wir von der Verein Welle haben einen klaren Auftrag: Wir wollen sicherstellen, dass niemand gefoltert oder im Stillen hingerichtet wird.<\/p>\n\n\n\n<p>So handeln wir vor Ort:<\/p>\n\n\n\n<ul class=\"wp-block-list\">\n<li><strong>Umgehung von Internetabschaltungen:<\/strong> Wir setzen ein <strong>sichere Satelliteninfrastruktur<\/strong> die Kommunikationssperre zu durchbrechen<\/li>\n\n\n\n<li><strong>\u00dcberwachung und \u00dcberpr\u00fcfung:<\/strong> Wir dokumentieren Verhaftungen, Verurteilungen und Haftbedingungen<\/li>\n\n\n\n<li><strong>Globale Interessenvertretung:<\/strong> Wir setzen diese Beweise in internationalen Druck um und zwingen die Institutionen, darauf zu achten.<\/li>\n<\/ul>\n\n\n\n<p>Die Geschichte hat gezeigt, dass <strong><mark style=\"background-color:#cf9f37\" class=\"has-inline-color\">gezielter internationaler Druck wirkt<\/mark><\/strong>.<\/p>\n\n\n\n<p>Mit diesem Ansatz haben wir das Regime bereits in der Vergangenheit zum Einlenken gezwungen.<\/p>\n\n\n\n<h2 class=\"wp-block-heading\"><strong>Ihre Unterst\u00fctzung rettet Leben<\/strong><\/h2>\n\n\n\n<p>Wenn die Transparenz verschwindet, steigt das Risiko der Vollstreckung in die H\u00f6he.<\/p>\n\n\n\n<p>Wir d\u00fcrfen nicht zulassen, dass diese Stimmen zum Schweigen gebracht werden.<\/p>\n\n\n\n<p>Untersch\u00e4tzen Sie niemals die Wirkung Ihrer Aktion.<\/p>\n\n\n\n<p>Dank Menschen wie Ihnen haben wir bereits dazu beigetragen, dass \u00fcber <strong>3.000 Fl\u00fcchtlinge vor der Hinrichtung<\/strong>.<\/p>\n\n\n\n<p>Jede Spende wird zu einer echten, konkreten Aktion:<\/p>\n\n\n\n<ul class=\"wp-block-list\">\n<li>Sie finanzieren kritische Kommunikationstechnologie<\/li>\n\n\n\n<li>Sie helfen bei der Dokumentation von F\u00e4llen<\/li>\n\n\n\n<li>Sie sch\u00fctzen Gefangene durch internationale Pr\u00e4senz<\/li>\n<\/ul>\n\n\n\n<p>Ein Gefangener, dessen Name international bekannt ist, ist weitaus schwieriger zu beseitigen.<\/p>\n\n\n\n<figure class=\"wp-block-image aligncenter size-full is-resized\"><img decoding=\"async\" width=\"1280\" height=\"721\" src=\"https:\/\/vereinwelle.ch\/wp-content\/uploads\/2026\/03\/photo_2026-01-18_11-40-04.jpg\" alt=\"\" class=\"wp-image-32208\" style=\"width:800px;height:auto\" srcset=\"https:\/\/vereinwelle.ch\/wp-content\/uploads\/2026\/03\/photo_2026-01-18_11-40-04.jpg 1280w, https:\/\/vereinwelle.ch\/wp-content\/uploads\/2026\/03\/photo_2026-01-18_11-40-04-300x169.jpg 300w, https:\/\/vereinwelle.ch\/wp-content\/uploads\/2026\/03\/photo_2026-01-18_11-40-04-1024x577.jpg 1024w, https:\/\/vereinwelle.ch\/wp-content\/uploads\/2026\/03\/photo_2026-01-18_11-40-04-768x433.jpg 768w, https:\/\/vereinwelle.ch\/wp-content\/uploads\/2026\/03\/photo_2026-01-18_11-40-04-18x10.jpg 18w\" sizes=\"(max-width: 1280px) 100vw, 1280px\" \/><\/figure>\n\n\n\n<p><strong>Jeder dokumentierte Name ist ein gesch\u00fctztes Leben. Schlie\u00dfen Sie sich uns heute an, um das Schweigen zu brechen und die Hinrichtungen zu stoppen.<\/strong><\/p>\n\n\n\n<div class=\"wp-block-buttons is-layout-flex wp-block-buttons-is-layout-flex\">\n<div class=\"wp-block-button is-style-fill\"><a class=\"wp-block-button__link has-white-color has-text-color has-background has-link-color wp-element-button\" href=\"https:\/\/vereinwelle.ch\/de\/eine-spende-machen\/\" style=\"background-color:#cf9f37\"><strong>Ich spende, um die Mission zu unterst\u00fctzen<\/strong><\/a><\/div>\n<\/div>\n\n\n\n<p>Ihre Unterst\u00fctzung kann Gefangene retten. Vahid Bani Amerian, Pouya Ghobadi und Ehsan Faridi sind nur einige Beispiele f\u00fcr Studenten und Aktivisten, die zum Tode verurteilt wurden, nur weil sie die Wahrheit gesagt haben. Lassen Sie uns ihnen eine Stimme und ein Leben geben.<\/p>\n\n\n\n<p><\/p>","protected":false},"excerpt":{"rendered":"<p>Detained Protesters in Iran Face Execution in Total Silence Over the past few months, tens of thousands of people have been imprisoned following the nationwide uprising against the clerical regime. Among them are students, mothers, fathers \u2014 and, tragically, teenagers as young as 10 to 17 years old. For many families, the nightmare is made [&hellip;]<\/p>\n","protected":false},"featured_media":32153,"template":"","project-category":[],"class_list":["post-32146","projects","type-projects","status-publish","has-post-thumbnail","hentry"],"_links":{"self":[{"href":"https:\/\/vereinwelle.ch\/de\/wp-json\/wp\/v2\/projects\/32146","targetHints":{"allow":["GET"]}}],"collection":[{"href":"https:\/\/vereinwelle.ch\/de\/wp-json\/wp\/v2\/projects"}],"about":[{"href":"https:\/\/vereinwelle.ch\/de\/wp-json\/wp\/v2\/types\/projects"}],"wp:featuredmedia":[{"embeddable":true,"href":"https:\/\/vereinwelle.ch\/de\/wp-json\/wp\/v2\/media\/32153"}],"wp:attachment":[{"href":"https:\/\/vereinwelle.ch\/de\/wp-json\/wp\/v2\/media?parent=32146"}],"wp:term":[{"taxonomy":"project-category","embeddable":true,"href":"https:\/\/vereinwelle.ch\/de\/wp-json\/wp\/v2\/project-category?post=32146"}],"curies":[{"name":"wp","href":"https:\/\/api.w.org\/{rel}","templated":true}]}}

URGENT: Leben in Gefahr im Iran; Hinrichtungen im Geheimen durchgeführt

<h2 class="wp-block-heading">Inhaftierten Demonstranten im Iran droht die Hinrichtung in völliger Stille</h2>



<p>In den letzten Monaten, <strong>Zehntausende von Menschen sind inhaftiert worden.</strong> nach dem landesweiten Aufstand gegen das klerikale Regime.</p>



<p>Unter ihnen sind Studenten, Mütter, Väter - und, tragischerweise, <strong>Teenager im Alter von 10 bis 17 Jahren</strong>.</p>



<p>Für viele Familien wird der Albtraum durch die unerträgliche Ungewissheit noch schlimmer. Sie wissen immer noch nicht, wo ihre Angehörigen festgehalten werden und unter welchen Bedingungen.</p>



<p><strong>Heute, <mark style="background-color:#cf9f37" class="has-inline-color">die Situation hat eine kritische Grenze erreicht</mark>.</strong></p>



<p>Aus vergangenen Aufständen wissen wir eines: In Momenten hoher Spannung kappt das Regime jegliche Kommunikation. Informationen aus den Gefängnissen verschwinden, der Zugang zu Anwälten wird blockiert, und die Familien werden im Dunkeln gelassen.</p>



<p>Gerade wenn keine Informationen vorliegen, können Menschenrechtsverletzungen eskalieren. <strong>ihre tödlichste Stufe</strong>.</p>



<p><strong>Sie haben die Macht, dies zu ändern. Ihre Spende hilft uns, ihre Situation zu dokumentieren.</strong></p>



<div class="wp-block-buttons is-layout-flex wp-block-buttons-is-layout-flex">
<div class="wp-block-button is-style-outline is-style-outline--1"><a class="wp-block-button__link has-text-color has-link-color wp-element-button" href="https://vereinwelle.ch/de/eine-spende-machen/" style="color:#cf9f37"><strong><strong><strong><strong>Ich trage dazu bei, dass ihre Stimmen gehört werden</strong></strong></strong></strong></a></div>
</div>



<h2 class="wp-block-heading"><strong>Ein geschlossenes System der Angst: Schnellgerichtsverfahren und Folter</strong></h2>



<p>Das Regime setzt zunehmend auf so genannte “Schnellverfahren”.”</p>



<p>Diese überstürzten Verfahren bieten keinerlei Rechtsschutz. Ohne Anwälte oder internationale Beobachter sind die Gefangenen der Willkür ausgeliefert. <strong>der Gnade eines willkürlichen und brutalen Gewaltsystems ausgeliefert</strong>.</p>



<p>Jüngste Berichte unserer Netzwerke vor Ort enthüllen schockierende Praktiken:</p>



<ul class="wp-block-list">
<li><strong>Erzwungene Geständnisse:</strong> Häftlinge werden unter Druck gesetzt, falsche Aussagen zu unterschreiben</li>



<li><strong>Psychologische und physische Zerstörung:</strong> Längere Isolation wird eingesetzt, um Gefangene zu brechen.</li>



<li><strong>Vollständige Isolierung:</strong> Familien haben <strong>keine Möglichkeit zu wissen, ob ihre Kinder noch am Leben sind</strong></li>
</ul>



<figure class="wp-block-image size-full"><img fetchpriority="high" decoding="async" width="1024" height="576" src="https://vereinwelle.ch/wp-content/uploads/2026/03/1-ph.jpeg" alt="schießende Demonstranten" class="wp-image-32210" srcset="https://vereinwelle.ch/wp-content/uploads/2026/03/1-ph.jpeg 1024w, https://vereinwelle.ch/wp-content/uploads/2026/03/1-ph-300x169.jpeg 300w, https://vereinwelle.ch/wp-content/uploads/2026/03/1-ph-768x432.jpeg 768w, https://vereinwelle.ch/wp-content/uploads/2026/03/1-ph-18x10.jpeg 18w" sizes="(max-width: 1024px) 100vw, 1024px" /></figure>



<p><strong>Werden diese Missstände nicht aufgedeckt, gehen sie unkontrolliert weiter.</strong></p>



<div class="wp-block-buttons is-layout-flex wp-block-buttons-is-layout-flex">
<div class="wp-block-button is-style-outline is-style-outline--2"><a class="wp-block-button__link has-text-color has-link-color wp-element-button" href="https://vereinwelle.ch/de/eine-spende-machen/" style="color:#cf9f37"><strong><strong><strong>Helfen Sie uns, diese Verbrechen aufzuklären</strong></strong></strong></a></div>
</div>



<h2 class="wp-block-heading"><strong>Eine rote Linie wurde überschritten: Vom Tod bedrohte Kinder</strong></h2>



<p>Der beunruhigendste Aspekt des Programms 2026 <strong>die systematische Verhaftung von Minderjährigen</strong>.</p>



<p>Nach internationalem Recht muss Kindern im Alter von 10 bis 17 Jahren ein besonderer Schutz gewährt werden.</p>



<p>Unter dem derzeitigen Regime sind sie jedoch der gleichen Brutalität ausgesetzt wie Erwachsene.</p>



<p>Dies ist ein klarer Verstoß gegen die <a href="https://www.ohchr.org/en/instruments-mechanisms/instruments/convention-rights-child" data-type="link" data-id="https://www.ohchr.org/en/instruments-mechanisms/instruments/convention-rights-child" target="_blank" rel="noopener">UN-Konvention</a> über die Rechte des Kindes.</p>



<figure class="wp-block-image size-full"><img decoding="async" width="1024" height="747" src="https://vereinwelle.ch/wp-content/uploads/2026/03/image3.webp" alt="" class="wp-image-32166" srcset="https://vereinwelle.ch/wp-content/uploads/2026/03/image3.webp 1024w, https://vereinwelle.ch/wp-content/uploads/2026/03/image3-300x219.webp 300w, https://vereinwelle.ch/wp-content/uploads/2026/03/image3-768x560.webp 768w, https://vereinwelle.ch/wp-content/uploads/2026/03/image3-16x12.webp 16w" sizes="(max-width: 1024px) 100vw, 1024px" /></figure>



<p><strong>Jeder Tag, an dem sie nichts unternehmen, erhöht ihr Risiko.</strong></p>



<div class="wp-block-buttons is-layout-flex wp-block-buttons-is-layout-flex">
<div class="wp-block-button is-style-outline is-style-outline--3"><a class="wp-block-button__link has-text-color has-link-color wp-element-button" href="https://vereinwelle.ch/de/eine-spende-machen/" style="color:#cf9f37"><strong><strong>Handeln Sie jetzt, um sie zu schützen</strong></strong></a></div>
</div>



<h2 class="wp-block-heading"><strong>Wie durchbrechen wir die Informationsblockade?</strong></h2>



<p>In dieser Dunkelheit ist die Sichtbarkeit der einzige Schutz, der diese Gefangenen am Leben erhält.</p>



<p>Mit über <strong>20 Jahre Erfahrung</strong> Wir von der Verein Welle haben einen klaren Auftrag: Wir wollen sicherstellen, dass niemand gefoltert oder im Stillen hingerichtet wird.</p>



<p>So handeln wir vor Ort:</p>



<ul class="wp-block-list">
<li><strong>Umgehung von Internetabschaltungen:</strong> Wir setzen ein <strong>sichere Satelliteninfrastruktur</strong> die Kommunikationssperre zu durchbrechen</li>



<li><strong>Überwachung und Überprüfung:</strong> Wir dokumentieren Verhaftungen, Verurteilungen und Haftbedingungen</li>



<li><strong>Globale Interessenvertretung:</strong> Wir setzen diese Beweise in internationalen Druck um und zwingen die Institutionen, darauf zu achten.</li>
</ul>



<p>Die Geschichte hat gezeigt, dass <strong><mark style="background-color:#cf9f37" class="has-inline-color">gezielter internationaler Druck wirkt</mark></strong>.</p>



<p>Mit diesem Ansatz haben wir das Regime bereits in der Vergangenheit zum Einlenken gezwungen.</p>



<h2 class="wp-block-heading"><strong>Ihre Unterstützung rettet Leben</strong></h2>



<p>Wenn die Transparenz verschwindet, steigt das Risiko der Vollstreckung in die Höhe.</p>



<p>Wir dürfen nicht zulassen, dass diese Stimmen zum Schweigen gebracht werden.</p>



<p>Unterschätzen Sie niemals die Wirkung Ihrer Aktion.</p>



<p>Dank Menschen wie Ihnen haben wir bereits dazu beigetragen, dass über <strong>3.000 Flüchtlinge vor der Hinrichtung</strong>.</p>



<p>Jede Spende wird zu einer echten, konkreten Aktion:</p>



<ul class="wp-block-list">
<li>Sie finanzieren kritische Kommunikationstechnologie</li>



<li>Sie helfen bei der Dokumentation von Fällen</li>



<li>Sie schützen Gefangene durch internationale Präsenz</li>
</ul>



<p>Ein Gefangener, dessen Name international bekannt ist, ist weitaus schwieriger zu beseitigen.</p>



<figure class="wp-block-image aligncenter size-full is-resized"><img decoding="async" width="1280" height="721" src="https://vereinwelle.ch/wp-content/uploads/2026/03/photo_2026-01-18_11-40-04.jpg" alt="" class="wp-image-32208" style="width:800px;height:auto" srcset="https://vereinwelle.ch/wp-content/uploads/2026/03/photo_2026-01-18_11-40-04.jpg 1280w, https://vereinwelle.ch/wp-content/uploads/2026/03/photo_2026-01-18_11-40-04-300x169.jpg 300w, https://vereinwelle.ch/wp-content/uploads/2026/03/photo_2026-01-18_11-40-04-1024x577.jpg 1024w, https://vereinwelle.ch/wp-content/uploads/2026/03/photo_2026-01-18_11-40-04-768x433.jpg 768w, https://vereinwelle.ch/wp-content/uploads/2026/03/photo_2026-01-18_11-40-04-18x10.jpg 18w" sizes="(max-width: 1280px) 100vw, 1280px" /></figure>



<p><strong>Jeder dokumentierte Name ist ein geschütztes Leben. Schließen Sie sich uns heute an, um das Schweigen zu brechen und die Hinrichtungen zu stoppen.</strong></p>



<div class="wp-block-buttons is-layout-flex wp-block-buttons-is-layout-flex">
<div class="wp-block-button is-style-fill"><a class="wp-block-button__link has-white-color has-text-color has-background has-link-color wp-element-button" href="https://vereinwelle.ch/de/eine-spende-machen/" style="background-color:#cf9f37"><strong>Ich spende, um die Mission zu unterstützen</strong></a></div>
</div>



<p>Ihre Unterstützung kann Gefangene retten. Vahid Bani Amerian, Pouya Ghobadi und Ehsan Faridi sind nur einige Beispiele für Studenten und Aktivisten, die zum Tode verurteilt wurden, nur weil sie die Wahrheit gesagt haben. Lassen Sie uns ihnen eine Stimme und ein Leben geben.</p>



<p></p>
