{"id":31969,"date":"2025-12-08T14:38:30","date_gmt":"2025-12-08T13:38:30","guid":{"rendered":"https:\/\/vereinwelle.ch\/?page_id=31969"},"modified":"2025-12-08T14:41:01","modified_gmt":"2025-12-08T13:41:01","slug":"devenir-donateur-mensuel","status":"publish","type":"page","link":"https:\/\/vereinwelle.ch\/fr\/how-to-donate\/become-a-monthly-supporter\/","title":{"rendered":"Devenez un contributeur mensuel"},"content":{"rendered":"<p>Chez Welle, notre travail commence par un engagement simple mais puissant :<br><strong>faire entendre les voix que les r\u00e9gimes tentent de r\u00e9duire au silence.<\/strong><\/p>\n\n\n\n<p>Chaque jour, nous documentons les violations des droits humains, attirons l'attention sur les prisonniers innocents, mettons en lumi\u00e8re la situation des enfants vuln\u00e9rables, d\u00e9non\u00e7ons la destruction de l'environnement et donnons de la visibilit\u00e9 aux minorit\u00e9s religieuses et ethniques victimes de discrimination et d'oppression.<\/p>\n\n\n\n<p>Pour continuer \u00e0 amplifier ces voix \u2014 de mani\u00e8re coh\u00e9rente et ind\u00e9pendante \u2014, nous d\u00e9pendons des personnes qui choisissent de nous soutenir. <strong>mois apr\u00e8s mois<\/strong>.<\/p>\n\n\n\n<h2 class=\"wp-block-heading\"><strong>Pourquoi les dons mensuels sont-ils importants ?<\/strong><\/h2>\n\n\n\n<p>Un don mensuel renforce notre capacit\u00e9 \u00e0 :<\/p>\n\n\n\n<ul class=\"wp-block-list\">\n<li>Signaler en permanence les violations des droits humains<\/li>\n\n\n\n<li>Attirer l'attention internationale sur les prisonniers politiques<\/li>\n\n\n\n<li>Partagez les histoires d'enfants et de familles touch\u00e9s par la violence \u00e9tatique<\/li>\n\n\n\n<li>D\u00e9noncer la destruction \u00e9cologique cach\u00e9e au grand public<\/li>\n\n\n\n<li>Donner de la visibilit\u00e9 aux minorit\u00e9s religieuses et aux communaut\u00e9s sous pression<\/li>\n<\/ul>\n\n\n\n<p>Votre soutien r\u00e9gulier nous permet de continuer \u00e0 faire la lumi\u00e8re l\u00e0 o\u00f9 le silence est impos\u00e9.<\/p>\n\n\n\n<p>Welle est une organisation exon\u00e9r\u00e9e d'imp\u00f4t et \u00e0 but non lucratif.<\/p>\n\n\n\n<div id=\"rnw-solution-embed-ktrxw\" style=\"width: 100%; margin: 0 auto; max-width: 580px;\"><\/div>\n<script type=\"module\">\n  import {SolutionEmbed} from \"https:\/\/cdn.jsdelivr.net\/npm\/@raisenow\/solution-embed@1\/dist\/index.js\"\n  SolutionEmbed.render(\"#rnw-solution-embed-ktrxw\", {\n    \"url\": \"https:\/\/donate.raisenow.io\/ktrxw\",\n    \"info\": false,\n  })\n<\/script>\n\n\n\n<p><strong>Soutenez-nous \u2014 Aidez-les \u00e0 faire entendre leur voix<\/strong><\/p>\n\n\n\n<p>En devenant donateur mensuel, vous rejoignez une communaut\u00e9 qui s'engage \u00e0 faire en sorte qu'aucune histoire d'oppression, de courage ou de r\u00e9sistance ne disparaisse dans le silence.<\/p>\n\n\n\n<p>Votre soutien aide Welle \u00e0 continuer \u00e0 documenter, informer et sensibiliser, cr\u00e9ant ainsi un espace pour les voix qui ne doivent pas \u00eatre perdues.<\/p>\n\n\n\n<p><strong>Merci de vous tenir \u00e0 nos c\u00f4t\u00e9s.<\/strong><br><strong>L'\u00e9quipe Welle<\/strong> Pour plus d'informations ou pour d\u00e9couvrir les options de dons personnalis\u00e9s, veuillez contacter notre \u00e9quipe \u00e0 l'adresse suivante : <a href=\"mailto:info@vereinwelle.ch\">info@vereinwelle.ch<\/a><\/p>\n\n\n\n<p><\/p>","protected":false},"excerpt":{"rendered":"<p>At Welle, our work begins with a simple but powerful commitment:to make heard the voices that regimes try to silence. Every day, we document human rights violations, bring attention to innocent prisoners, highlight the situation of vulnerable children, uncover environmental destruction, and give visibility to religious and ethnic minorities who face discrimination and oppression. To [&hellip;]<\/p>\n","protected":false},"author":3,"featured_media":0,"parent":30686,"menu_order":0,"comment_status":"closed","ping_status":"closed","template":"","meta":{"footnotes":""},"class_list":["post-31969","page","type-page","status-publish","hentry"],"_links":{"self":[{"href":"https:\/\/vereinwelle.ch\/fr\/wp-json\/wp\/v2\/pages\/31969","targetHints":{"allow":["GET"]}}],"collection":[{"href":"https:\/\/vereinwelle.ch\/fr\/wp-json\/wp\/v2\/pages"}],"about":[{"href":"https:\/\/vereinwelle.ch\/fr\/wp-json\/wp\/v2\/types\/page"}],"author":[{"embeddable":true,"href":"https:\/\/vereinwelle.ch\/fr\/wp-json\/wp\/v2\/users\/3"}],"replies":[{"embeddable":true,"href":"https:\/\/vereinwelle.ch\/fr\/wp-json\/wp\/v2\/comments?post=31969"}],"version-history":[{"count":4,"href":"https:\/\/vereinwelle.ch\/fr\/wp-json\/wp\/v2\/pages\/31969\/revisions"}],"predecessor-version":[{"id":31974,"href":"https:\/\/vereinwelle.ch\/fr\/wp-json\/wp\/v2\/pages\/31969\/revisions\/31974"}],"up":[{"embeddable":true,"href":"https:\/\/vereinwelle.ch\/fr\/wp-json\/wp\/v2\/pages\/30686"}],"wp:attachment":[{"href":"https:\/\/vereinwelle.ch\/fr\/wp-json\/wp\/v2\/media?parent=31969"}],"curies":[{"name":"wp","href":"https:\/\/api.w.org\/{rel}","templated":true}]}}

<p>Chez Welle, notre travail commence par un engagement simple mais puissant :<br><strong>faire entendre les voix que les régimes tentent de réduire au silence.</strong></p>



<p>Chaque jour, nous documentons les violations des droits humains, attirons l'attention sur les prisonniers innocents, mettons en lumière la situation des enfants vulnérables, dénonçons la destruction de l'environnement et donnons de la visibilité aux minorités religieuses et ethniques victimes de discrimination et d'oppression.</p>



<p>Pour continuer à amplifier ces voix — de manière cohérente et indépendante —, nous dépendons des personnes qui choisissent de nous soutenir. <strong>mois après mois</strong>.</p>



<h2 class="wp-block-heading"><strong>Pourquoi les dons mensuels sont-ils importants ?</strong></h2>



<p>Un don mensuel renforce notre capacité à :</p>



<ul class="wp-block-list">
<li>Signaler en permanence les violations des droits humains</li>



<li>Attirer l'attention internationale sur les prisonniers politiques</li>



<li>Partagez les histoires d'enfants et de familles touchés par la violence étatique</li>



<li>Dénoncer la destruction écologique cachée au grand public</li>



<li>Donner de la visibilité aux minorités religieuses et aux communautés sous pression</li>
</ul>



<p>Votre soutien régulier nous permet de continuer à faire la lumière là où le silence est imposé.</p>



<p>Welle est une organisation exonérée d'impôt et à but non lucratif.</p>



<div id="rnw-solution-embed-ktrxw" style="width: 100%; margin: 0 auto; max-width: 580px;"></div>
<script type="module">
  import {SolutionEmbed} from "https://cdn.jsdelivr.net/npm/@raisenow/solution-embed@1/dist/index.js"
  SolutionEmbed.render("#rnw-solution-embed-ktrxw", {
    "url": "https://donate.raisenow.io/ktrxw",
    "info": false,
  })
</script>



<p><strong>Soutenez-nous — Aidez-les à faire entendre leur voix</strong></p>



<p>En devenant donateur mensuel, vous rejoignez une communauté qui s'engage à faire en sorte qu'aucune histoire d'oppression, de courage ou de résistance ne disparaisse dans le silence.</p>



<p>Votre soutien aide Welle à continuer à documenter, informer et sensibiliser, créant ainsi un espace pour les voix qui ne doivent pas être perdues.</p>



<p><strong>Merci de vous tenir à nos côtés.</strong><br><strong>L'équipe Welle</strong> Pour plus d'informations ou pour découvrir les options de dons personnalisés, veuillez contacter notre équipe à l'adresse suivante : <a href="mailto:info@vereinwelle.ch">info@vereinwelle.ch</a></p>



<p></p>
