{"id":30083,"date":"2024-01-02T20:43:00","date_gmt":"2024-01-02T19:43:00","guid":{"rendered":"https:\/\/association-welle.geekworkers.dev\/?p=30083"},"modified":"2025-06-12T13:46:16","modified_gmt":"2025-06-12T11:46:16","slug":"sauver-la-vie-de-manifestants-pacifiques-arretes","status":"publish","type":"projects","link":"https:\/\/vereinwelle.ch\/fr\/projects\/saving-the-lives-of-arrested-peaceful-demonstrators\/","title":{"rendered":"Efforts pour sauver la vie de manifestants pacifiques arr\u00eat\u00e9s en Iran"},"content":{"rendered":"<h2 class=\"wp-block-heading\">Mise \u00e0 jour janvier 2024 : Mettez fin \u00e0 la violence contre les manifestations civiles pacifiques en Iran !<\/h2>\n\n\n\n<p>Le 17 septembre 2022, la col\u00e8re refoul\u00e9e depuis 40 ans au sein du peuple iranien, en particulier chez les femmes, a enfin explos\u00e9. La veille, Mahsa Amini, 22 ans, a \u00e9t\u00e9 frapp\u00e9e \u00e0 la t\u00eate avec une matraque par les soi-disant gardiens de la moralit\u00e9 du r\u00e9gime ; elle a subi une grave fracture du cr\u00e2ne et est d\u00e9c\u00e9d\u00e9e peu apr\u00e8s. Le meurtre de Mahsa a \u00e9t\u00e9 l'\u00e9tincelle qui a incit\u00e9 des centaines de milliers de citoyens iraniens, femmes en t\u00eate, \u00e0 organiser des manifestations<strong>\u00a0dans plus de 215 villes<\/strong>La Commission europ\u00e9enne a lanc\u00e9 un appel \u00e0 l'action pour d\u00e9fendre les droits fondamentaux de Mahsa et de toutes les femmes, de tous les jeunes et de tous les habitants de l'Iran.<\/p>\n\n\n\n<div class=\"wp-block-columns is-layout-flex wp-container-core-columns-is-layout-28f84493 wp-block-columns-is-layout-flex\">\n<div class=\"wp-block-column is-layout-flow wp-block-column-is-layout-flow\">\n<figure class=\"wp-block-image size-full\"><img fetchpriority=\"high\" decoding=\"async\" width=\"584\" height=\"389\" src=\"https:\/\/vereinwelle.ch\/wp-content\/uploads\/2024\/06\/Iran_uprising_2022_women.jpg\" alt=\"\" class=\"wp-image-30054\" srcset=\"https:\/\/vereinwelle.ch\/wp-content\/uploads\/2024\/06\/Iran_uprising_2022_women.jpg 584w, https:\/\/vereinwelle.ch\/wp-content\/uploads\/2024\/06\/Iran_uprising_2022_women-300x200.jpg 300w\" sizes=\"(max-width: 584px) 100vw, 584px\" \/><\/figure>\n<\/div>\n\n\n\n<div class=\"wp-block-column is-layout-flow wp-block-column-is-layout-flow\">\n<figure class=\"wp-block-image size-full\"><img decoding=\"async\" width=\"584\" height=\"389\" src=\"https:\/\/vereinwelle.ch\/wp-content\/uploads\/2024\/06\/Mahsa_Amini.jpg\" alt=\"\" class=\"wp-image-30055\" srcset=\"https:\/\/vereinwelle.ch\/wp-content\/uploads\/2024\/06\/Mahsa_Amini.jpg 584w, https:\/\/vereinwelle.ch\/wp-content\/uploads\/2024\/06\/Mahsa_Amini-300x200.jpg 300w\" sizes=\"(max-width: 584px) 100vw, 584px\" \/><\/figure>\n<\/div>\n<\/div>\n\n\n\n<p>Les manifestants r\u00e9clament la libert\u00e9, l'\u00e9galit\u00e9, les droits de l'homme et la fin de la dictature religieuse fondamentaliste de l'Iran. Avec un courage extraordinaire, les femmes sont les leaders et les pionni\u00e8res de ces manifestations de masse - des femmes qui n'ont rien \u00e0 perdre et tout \u00e0 gagner en exprimant collectivement leur ressentiment contre ce r\u00e9gime despotique.<\/p>\n\n\n\n<div class=\"wp-block-columns is-layout-flex wp-container-core-columns-is-layout-28f84493 wp-block-columns-is-layout-flex\">\n<div class=\"wp-block-column is-layout-flow wp-block-column-is-layout-flow\">\n<figure class=\"wp-block-image size-full\"><img decoding=\"async\" width=\"584\" height=\"389\" src=\"https:\/\/vereinwelle.ch\/wp-content\/uploads\/2024\/06\/Iran_uprisgin_2022__1_.jpg\" alt=\"\" class=\"wp-image-30052\" srcset=\"https:\/\/vereinwelle.ch\/wp-content\/uploads\/2024\/06\/Iran_uprisgin_2022__1_.jpg 584w, https:\/\/vereinwelle.ch\/wp-content\/uploads\/2024\/06\/Iran_uprisgin_2022__1_-300x200.jpg 300w\" sizes=\"(max-width: 584px) 100vw, 584px\" \/><\/figure>\n<\/div>\n\n\n\n<div class=\"wp-block-column is-layout-flow wp-block-column-is-layout-flow\">\n<figure class=\"wp-block-image size-full\"><img loading=\"lazy\" decoding=\"async\" width=\"584\" height=\"389\" src=\"https:\/\/vereinwelle.ch\/wp-content\/uploads\/2024\/06\/Iran_uprisgin_2022__2_.jpg\" alt=\"\" class=\"wp-image-30053\" srcset=\"https:\/\/vereinwelle.ch\/wp-content\/uploads\/2024\/06\/Iran_uprisgin_2022__2_.jpg 584w, https:\/\/vereinwelle.ch\/wp-content\/uploads\/2024\/06\/Iran_uprisgin_2022__2_-300x200.jpg 300w\" sizes=\"(max-width: 584px) 100vw, 584px\" \/><\/figure>\n<\/div>\n<\/div>\n\n\n\n<p>Le r\u00e9gime des mollahs a r\u00e9pondu aux protestations pacifiques de la population par une violence plus grande que jamais. Dans l'intention de tuer les manifestants, les forces r\u00e9pressives du gouvernement utilisent des balles r\u00e9elles contre la population et, dans certaines villes, elles ont m\u00eame tir\u00e9 sur les manifestants pacifiques \u00e0 partir d'h\u00e9licopt\u00e8res.&nbsp;<strong>Jusqu'\u00e0 pr\u00e9sent, plus de 750 personnes ont \u00e9t\u00e9 tu\u00e9es et plus de 30 000 arr\u00eat\u00e9es par la dictature - et les chiffres augmentent chaque jour.<\/strong>&nbsp;Les femmes et les jeunes plac\u00e9s en d\u00e9tention sont battus et tortur\u00e9s par le personnel p\u00e9nitentiaire.<\/p>\n\n\n\n<figure class=\"wp-block-image size-large\"><img loading=\"lazy\" decoding=\"async\" width=\"1024\" height=\"273\" src=\"https:\/\/vereinwelle.ch\/wp-content\/uploads\/2024\/07\/csm_2_b41ecf1559-1024x273.jpg\" alt=\"\" class=\"wp-image-30084\" srcset=\"https:\/\/vereinwelle.ch\/wp-content\/uploads\/2024\/07\/csm_2_b41ecf1559-1024x273.jpg 1024w, https:\/\/vereinwelle.ch\/wp-content\/uploads\/2024\/07\/csm_2_b41ecf1559-300x80.jpg 300w, https:\/\/vereinwelle.ch\/wp-content\/uploads\/2024\/07\/csm_2_b41ecf1559-768x205.jpg 768w, https:\/\/vereinwelle.ch\/wp-content\/uploads\/2024\/07\/csm_2_b41ecf1559.jpg 1200w\" sizes=\"(max-width: 1024px) 100vw, 1024px\" \/><\/figure>\n\n\n\n<p>(\u00c0 ce jour, plus de 400 personnes ont \u00e9t\u00e9 tu\u00e9es par la dictature).<\/p>\n\n\n\n<h3 class=\"wp-block-heading\">LE PEUPLE IRANIEN A PLUS QUE JAMAIS BESOIN DE NOTRE SOUTIEN ET DE NOTRE ASSISTANCE.<\/h3>\n\n\n\n<p><strong>Avec les familles des victimes, nous faisons campagne pour la libert\u00e9 des femmes et des jeunes innocents depuis le d\u00e9but des manifestations, au moyen de conf\u00e9rences, de veill\u00e9es, d'actions de protestation et d'efforts de relations publiques via des cha\u00eenes satellitaires - en particulier lorsque le r\u00e9gime ferme l'internet en Iran.<\/strong><\/p>\n\n\n\n<p>Gr\u00e2ce \u00e0 nos ann\u00e9es d'exp\u00e9rience dans la d\u00e9fense de cette cause, nous pouvons sauver la vie de nombreuses personnes innocentes et leur \u00e9pargner la menace de l'ex\u00e9cution et de la torture.<\/p>\n\n\n\n<h3 class=\"wp-block-heading\">POUR POURSUIVRE NOTRE CAMPAGNE DE SAUVETAGE, NOUS AVONS BESOIN DE VOTRE SOUTIEN FINANCIER. VEUILLEZ APPORTER TOUTE L'AIDE POSSIBLE AUX FEMMES ET AUX JEUNES GENS INNOCENTS ET COURAGEUX D'IRAN.<\/h3>\n\n\n\n<p><strong>Aidez-nous<\/strong><\/p>\n\n\n\n<ul class=\"wp-block-list\">\n<li><strong>Sauver les prisonniers menac\u00e9s d'ex\u00e9cution et annuler les condamnations \u00e0 mort<\/strong><\/li>\n\n\n\n<li><strong>Mettre fin \u00e0 la torture et aux traitements inhumains inflig\u00e9s par les forces de r\u00e9pression du r\u00e9gime.<\/strong><\/li>\n\n\n\n<li><strong>Faire respecter les droits des femmes et mettre fin \u00e0 la r\u00e9pression \u00e0 leur encontre.<\/strong><\/li>\n<\/ul>\n\n\n\n<div class=\"wp-block-columns is-layout-flex wp-container-core-columns-is-layout-28f84493 wp-block-columns-is-layout-flex\">\n<div class=\"wp-block-column is-layout-flow wp-block-column-is-layout-flow\">\n<figure class=\"wp-block-image size-full\"><img loading=\"lazy\" decoding=\"async\" width=\"584\" height=\"389\" src=\"https:\/\/vereinwelle.ch\/wp-content\/uploads\/2024\/07\/Genf_Mahsa_Amini_-_Copy.jpg\" alt=\"\" class=\"wp-image-30085\" srcset=\"https:\/\/vereinwelle.ch\/wp-content\/uploads\/2024\/07\/Genf_Mahsa_Amini_-_Copy.jpg 584w, https:\/\/vereinwelle.ch\/wp-content\/uploads\/2024\/07\/Genf_Mahsa_Amini_-_Copy-300x200.jpg 300w\" sizes=\"(max-width: 584px) 100vw, 584px\" \/><\/figure>\n<\/div>\n\n\n\n<div class=\"wp-block-column is-layout-flow wp-block-column-is-layout-flow\">\n<figure class=\"wp-block-image size-full\"><img loading=\"lazy\" decoding=\"async\" width=\"584\" height=\"389\" src=\"https:\/\/vereinwelle.ch\/wp-content\/uploads\/2024\/07\/Genf_Mahnwache.jpg\" alt=\"\" class=\"wp-image-30086\" srcset=\"https:\/\/vereinwelle.ch\/wp-content\/uploads\/2024\/07\/Genf_Mahnwache.jpg 584w, https:\/\/vereinwelle.ch\/wp-content\/uploads\/2024\/07\/Genf_Mahnwache-300x200.jpg 300w\" sizes=\"(max-width: 584px) 100vw, 584px\" \/><\/figure>\n<\/div>\n<\/div>\n\n\n\n<h2 class=\"wp-block-heading\">Conclusion<\/h2>\n\n\n\n<p>Le peuple iranien a plus que jamais besoin de notre soutien. La poursuite de la pression internationale et du plaidoyer est essentielle pour mettre fin \u00e0 ces atrocit\u00e9s et soutenir la lutte pour la libert\u00e9 et l'\u00e9galit\u00e9 en Iran.<\/p>","protected":false},"excerpt":{"rendered":"<p>Updated Jan 2024: Stop the violence against peaceful civil protests in Iran! On 17 September 2022, the 40 years of pent-up anger amongst the Iranian people, especially women, finally exploded. The day before,\u00a0Mahsa Amini, 22, was beaten on the head with a truncheon by the regime\u2019s so-called morality guards \u2013 she suffered a severe skull [&hellip;]<\/p>\n","protected":false},"featured_media":30053,"template":"","project-category":[],"class_list":["post-30083","projects","type-projects","status-publish","has-post-thumbnail","hentry"],"_links":{"self":[{"href":"https:\/\/vereinwelle.ch\/fr\/wp-json\/wp\/v2\/projects\/30083","targetHints":{"allow":["GET"]}}],"collection":[{"href":"https:\/\/vereinwelle.ch\/fr\/wp-json\/wp\/v2\/projects"}],"about":[{"href":"https:\/\/vereinwelle.ch\/fr\/wp-json\/wp\/v2\/types\/projects"}],"wp:featuredmedia":[{"embeddable":true,"href":"https:\/\/vereinwelle.ch\/fr\/wp-json\/wp\/v2\/media\/30053"}],"wp:attachment":[{"href":"https:\/\/vereinwelle.ch\/fr\/wp-json\/wp\/v2\/media?parent=30083"}],"wp:term":[{"taxonomy":"project-category","embeddable":true,"href":"https:\/\/vereinwelle.ch\/fr\/wp-json\/wp\/v2\/project-category?post=30083"}],"curies":[{"name":"wp","href":"https:\/\/api.w.org\/{rel}","templated":true}]}}

Efforts pour sauver la vie de manifestants pacifiques arrêtés en Iran

<h2 class="wp-block-heading">Mise à jour janvier 2024 : Mettez fin à la violence contre les manifestations civiles pacifiques en Iran !</h2>



<p>Le 17 septembre 2022, la colère refoulée depuis 40 ans au sein du peuple iranien, en particulier chez les femmes, a enfin explosé. La veille, Mahsa Amini, 22 ans, a été frappée à la tête avec une matraque par les soi-disant gardiens de la moralité du régime ; elle a subi une grave fracture du crâne et est décédée peu après. Le meurtre de Mahsa a été l'étincelle qui a incité des centaines de milliers de citoyens iraniens, femmes en tête, à organiser des manifestations<strong> dans plus de 215 villes</strong>La Commission européenne a lancé un appel à l'action pour défendre les droits fondamentaux de Mahsa et de toutes les femmes, de tous les jeunes et de tous les habitants de l'Iran.</p>



<div class="wp-block-columns is-layout-flex wp-container-core-columns-is-layout-28f84493 wp-block-columns-is-layout-flex">
<div class="wp-block-column is-layout-flow wp-block-column-is-layout-flow">
<figure class="wp-block-image size-full"><img fetchpriority="high" decoding="async" width="584" height="389" src="https://vereinwelle.ch/wp-content/uploads/2024/06/Iran_uprising_2022_women.jpg" alt="" class="wp-image-30054" srcset="https://vereinwelle.ch/wp-content/uploads/2024/06/Iran_uprising_2022_women.jpg 584w, https://vereinwelle.ch/wp-content/uploads/2024/06/Iran_uprising_2022_women-300x200.jpg 300w" sizes="(max-width: 584px) 100vw, 584px" /></figure>
</div>



<div class="wp-block-column is-layout-flow wp-block-column-is-layout-flow">
<figure class="wp-block-image size-full"><img decoding="async" width="584" height="389" src="https://vereinwelle.ch/wp-content/uploads/2024/06/Mahsa_Amini.jpg" alt="" class="wp-image-30055" srcset="https://vereinwelle.ch/wp-content/uploads/2024/06/Mahsa_Amini.jpg 584w, https://vereinwelle.ch/wp-content/uploads/2024/06/Mahsa_Amini-300x200.jpg 300w" sizes="(max-width: 584px) 100vw, 584px" /></figure>
</div>
</div>



<p>Les manifestants réclament la liberté, l'égalité, les droits de l'homme et la fin de la dictature religieuse fondamentaliste de l'Iran. Avec un courage extraordinaire, les femmes sont les leaders et les pionnières de ces manifestations de masse - des femmes qui n'ont rien à perdre et tout à gagner en exprimant collectivement leur ressentiment contre ce régime despotique.</p>



<div class="wp-block-columns is-layout-flex wp-container-core-columns-is-layout-28f84493 wp-block-columns-is-layout-flex">
<div class="wp-block-column is-layout-flow wp-block-column-is-layout-flow">
<figure class="wp-block-image size-full"><img decoding="async" width="584" height="389" src="https://vereinwelle.ch/wp-content/uploads/2024/06/Iran_uprisgin_2022__1_.jpg" alt="" class="wp-image-30052" srcset="https://vereinwelle.ch/wp-content/uploads/2024/06/Iran_uprisgin_2022__1_.jpg 584w, https://vereinwelle.ch/wp-content/uploads/2024/06/Iran_uprisgin_2022__1_-300x200.jpg 300w" sizes="(max-width: 584px) 100vw, 584px" /></figure>
</div>



<div class="wp-block-column is-layout-flow wp-block-column-is-layout-flow">
<figure class="wp-block-image size-full"><img loading="lazy" decoding="async" width="584" height="389" src="https://vereinwelle.ch/wp-content/uploads/2024/06/Iran_uprisgin_2022__2_.jpg" alt="" class="wp-image-30053" srcset="https://vereinwelle.ch/wp-content/uploads/2024/06/Iran_uprisgin_2022__2_.jpg 584w, https://vereinwelle.ch/wp-content/uploads/2024/06/Iran_uprisgin_2022__2_-300x200.jpg 300w" sizes="(max-width: 584px) 100vw, 584px" /></figure>
</div>
</div>



<p>Le régime des mollahs a répondu aux protestations pacifiques de la population par une violence plus grande que jamais. Dans l'intention de tuer les manifestants, les forces répressives du gouvernement utilisent des balles réelles contre la population et, dans certaines villes, elles ont même tiré sur les manifestants pacifiques à partir d'hélicoptères.&nbsp;<strong>Jusqu'à présent, plus de 750 personnes ont été tuées et plus de 30 000 arrêtées par la dictature - et les chiffres augmentent chaque jour.</strong>&nbsp;Les femmes et les jeunes placés en détention sont battus et torturés par le personnel pénitentiaire.</p>



<figure class="wp-block-image size-large"><img loading="lazy" decoding="async" width="1024" height="273" src="https://vereinwelle.ch/wp-content/uploads/2024/07/csm_2_b41ecf1559-1024x273.jpg" alt="" class="wp-image-30084" srcset="https://vereinwelle.ch/wp-content/uploads/2024/07/csm_2_b41ecf1559-1024x273.jpg 1024w, https://vereinwelle.ch/wp-content/uploads/2024/07/csm_2_b41ecf1559-300x80.jpg 300w, https://vereinwelle.ch/wp-content/uploads/2024/07/csm_2_b41ecf1559-768x205.jpg 768w, https://vereinwelle.ch/wp-content/uploads/2024/07/csm_2_b41ecf1559.jpg 1200w" sizes="(max-width: 1024px) 100vw, 1024px" /></figure>



<p>(À ce jour, plus de 400 personnes ont été tuées par la dictature).</p>



<h3 class="wp-block-heading">LE PEUPLE IRANIEN A PLUS QUE JAMAIS BESOIN DE NOTRE SOUTIEN ET DE NOTRE ASSISTANCE.</h3>



<p><strong>Avec les familles des victimes, nous faisons campagne pour la liberté des femmes et des jeunes innocents depuis le début des manifestations, au moyen de conférences, de veillées, d'actions de protestation et d'efforts de relations publiques via des chaînes satellitaires - en particulier lorsque le régime ferme l'internet en Iran.</strong></p>



<p>Grâce à nos années d'expérience dans la défense de cette cause, nous pouvons sauver la vie de nombreuses personnes innocentes et leur épargner la menace de l'exécution et de la torture.</p>



<h3 class="wp-block-heading">POUR POURSUIVRE NOTRE CAMPAGNE DE SAUVETAGE, NOUS AVONS BESOIN DE VOTRE SOUTIEN FINANCIER. VEUILLEZ APPORTER TOUTE L'AIDE POSSIBLE AUX FEMMES ET AUX JEUNES GENS INNOCENTS ET COURAGEUX D'IRAN.</h3>



<p><strong>Aidez-nous</strong></p>



<ul class="wp-block-list">
<li><strong>Sauver les prisonniers menacés d'exécution et annuler les condamnations à mort</strong></li>



<li><strong>Mettre fin à la torture et aux traitements inhumains infligés par les forces de répression du régime.</strong></li>



<li><strong>Faire respecter les droits des femmes et mettre fin à la répression à leur encontre.</strong></li>
</ul>



<div class="wp-block-columns is-layout-flex wp-container-core-columns-is-layout-28f84493 wp-block-columns-is-layout-flex">
<div class="wp-block-column is-layout-flow wp-block-column-is-layout-flow">
<figure class="wp-block-image size-full"><img loading="lazy" decoding="async" width="584" height="389" src="https://vereinwelle.ch/wp-content/uploads/2024/07/Genf_Mahsa_Amini_-_Copy.jpg" alt="" class="wp-image-30085" srcset="https://vereinwelle.ch/wp-content/uploads/2024/07/Genf_Mahsa_Amini_-_Copy.jpg 584w, https://vereinwelle.ch/wp-content/uploads/2024/07/Genf_Mahsa_Amini_-_Copy-300x200.jpg 300w" sizes="(max-width: 584px) 100vw, 584px" /></figure>
</div>



<div class="wp-block-column is-layout-flow wp-block-column-is-layout-flow">
<figure class="wp-block-image size-full"><img loading="lazy" decoding="async" width="584" height="389" src="https://vereinwelle.ch/wp-content/uploads/2024/07/Genf_Mahnwache.jpg" alt="" class="wp-image-30086" srcset="https://vereinwelle.ch/wp-content/uploads/2024/07/Genf_Mahnwache.jpg 584w, https://vereinwelle.ch/wp-content/uploads/2024/07/Genf_Mahnwache-300x200.jpg 300w" sizes="(max-width: 584px) 100vw, 584px" /></figure>
</div>
</div>



<h2 class="wp-block-heading">Conclusion</h2>



<p>Le peuple iranien a plus que jamais besoin de notre soutien. La poursuite de la pression internationale et du plaidoyer est essentielle pour mettre fin à ces atrocités et soutenir la lutte pour la liberté et l'égalité en Iran.</p>
