{"id":32188,"date":"2026-03-16T14:14:44","date_gmt":"2026-03-16T13:14:44","guid":{"rendered":"https:\/\/vereinwelle.ch\/?post_type=projects&#038;p=32188"},"modified":"2026-04-03T16:42:53","modified_gmt":"2026-04-03T14:42:53","slug":"courir-pour-liran-100-km-pour-les-droits-de-lhomme","status":"publish","type":"projects","link":"https:\/\/vereinwelle.ch\/fr\/projects\/run-for-iran-100km-for-human-rights\/","title":{"rendered":"Courir pour l'Iran - 100 km pour les droits de l'homme"},"content":{"rendered":"<h2 class=\"wp-block-heading\">Une course de 100 km pour d\u00e9fendre ceux qui ne peuvent pas courir pour leur libert\u00e9.<\/h2>\n\n\n\n<p>Le 19 avril, il se passe quelque chose de sp\u00e9cial \u00e0 Gen\u00e8ve. Lyan va courir 100 kilom\u00e8tres, non pas pour une course ou une m\u00e9daille, mais pour des personnes qui ne peuvent plus courir. Certains d'entre eux sont en prison. Certains d'entre eux risquent d'\u00eatre ex\u00e9cut\u00e9s.<\/p>\n\n\n\n<h2 class=\"wp-block-heading\">Un message de Lyan<\/h2>\n\n\n\n<blockquote class=\"wp-block-quote is-layout-flow wp-block-quote-is-layout-flow\">\n<p>\u201cBonjour, je m'appelle Lyan. Je suis quelqu'un qui ne peut plus ignorer ce qui se passe dans le monde. Je ne peux pas rester silencieux devant <strong>L'Iran<\/strong>, au Soudan ou au Congo. M\u00eame si nous n'en entendons pas parler tous les jours, des gens luttent de mani\u00e8re tr\u00e8s concr\u00e8te. Je me suis demand\u00e9 ce que je pouvais faire, et voici ce que j'ai trouv\u00e9. Le 19 avril, je vais courir 100 kilom\u00e8tres sur une piste \u00e0 Versoix, \u00e0 Gen\u00e8ve. Ce sera beaucoup de tours et beaucoup d'heures, et honn\u00eatement, j'aimerais bien ne pas le faire seule. Si vous \u00eates dans le coin, vous pouvez vous joindre \u00e0 moi pour un tour ou m\u00eame juste quelques minutes. Le simple fait d'\u00eatre l\u00e0 signifie d\u00e9j\u00e0 beaucoup. Si vous ne pouvez pas venir, vous pouvez toujours soutenir la cause.<\/p>\n\n\n\n<p>Si vous avez envie de nous soutenir en courant, en faisant un don ou simplement en partageant, cela signifierait beaucoup pour moi. Je vous remercie. Vous pouvez \u00e9galement suivre le voyage ici : <a href=\"https:\/\/www.instagram.com\/lyan.kwh\/\" target=\"_blank\" rel=\"noopener\">https:\/\/www.instagram.com\/lyan.kwh\/<\/a> \u201c<\/p>\n<\/blockquote>\n\n\n\n<h2 class=\"wp-block-heading\">Pourquoi cette course pour les droits de l'homme en Iran est-elle importante ?<\/h2>\n\n\n\n<p>En ce moment, l'attention du monde entier est largement focalis\u00e9e sur la guerre et la politique, mais derri\u00e8re cela, il se passe quelque chose de plus silencieux et de tout aussi grave. En Iran, de nombreuses personnes sont emprisonn\u00e9es sans visibilit\u00e9, sans protection et souvent sans voix. Les familles restent sans r\u00e9ponse et, dans de nombreux cas, le monde ne regarde tout simplement pas. Cette course est un moyen d'attirer l'attention sur les droits de l'homme en Iran et sur les personnes les plus menac\u00e9es.<\/p>\n\n\n\n<h2 class=\"wp-block-heading\">Ce que Verein Welle fait pour les droits de l'homme<\/h2>\n\n\n\n<p>Verein Welle s'efforce de documenter les violations des droits de l'homme en Iran, de sensibiliser la communaut\u00e9 internationale et d'attirer l'attention du monde entier sur les cas de prisonniers en danger. Gr\u00e2ce \u00e0 une documentation continue, \u00e0 la communication et au plaidoyer, l'objectif est de s'assurer que ces histoires ne soient pas oubli\u00e9es et que la pression reste visible. Le soutien de personnes comme vous nous permet de poursuivre ce travail.<\/p>\n\n\n\n<h2 class=\"wp-block-heading\">D\u00e9tails de la course \u00e0 Gen\u00e8ve<\/h2>\n\n\n\n<p>La course aura lieu le 19 avril \u00e0 <a href=\"https:\/\/share.google\/Gk4LhuOUkX2WNnLwk\" data-type=\"link\" data-id=\"https:\/\/share.google\/Gk4LhuOUkX2WNnLwk\" target=\"_blank\" rel=\"noopener\">Versoix, Gen\u00e8ve<\/a>. La distance totale est de 100 kilom\u00e8tres sur piste, ce qui signifie plusieurs heures de course continue. Il n'est pas n\u00e9cessaire de courir toute la distance pour participer. Vous pouvez vous joindre \u00e0 nous pour une courte distance, venir nous soutenir en personne ou suivre le parcours o\u00f9 que vous soyez.<\/p>\n\n\n\n<h2 class=\"wp-block-heading\">Comment soutenir cette course aux droits de l'homme<\/h2>\n\n\n\n<p>Si cela vous parle, il existe des moyens simples de participer. Vous pouvez rejoindre la course \u00e0 Gen\u00e8ve, partager ce projet avec d'autres personnes ou soutenir la campagne.<br>Chaque petite action contribue \u00e0 accro\u00eetre la visibilit\u00e9 et le soutien des droits de l'homme en Iran.<\/p>\n\n\n\n<h3 class=\"wp-block-heading\"><a href=\"https:\/\/vereinwelle.ch\/fr\/faire-un-don\/\" data-type=\"link\" data-id=\"https:\/\/vereinwelle.ch\/make-a-donation\/\">Faites un don maintenant !<\/a><\/h3>\n\n\n\n<h3 class=\"wp-block-heading\"><a href=\"https:\/\/www.gofundme.com\/f\/run-for-iran\" data-type=\"link\" data-id=\"https:\/\/vereinwelle.ch\/make-a-donation\/\" target=\"_blank\" rel=\"noopener\">Partagez maintenant !<\/a><\/h3>\n\n\n\n<iframe width=\"560\" height=\"315\" src=\"https:\/\/www.youtube.com\/embed\/lxZmevkEnF8?si=psqypzq9XS7maU3F\" title=\"Lecteur vid\u00e9o YouTube\" frameborder=\"0\" allow=\"accelerometer; autoplay; clipboard-write; encrypted-media; gyroscope; picture-in-picture; web-share\" referrerpolicy=\"strict-origin-when-cross-origin\" allowfullscreen><\/iframe>\n\n\n\n<h2 class=\"wp-block-heading\">Avant le 19 avril<\/h2>\n\n\n\n<p>Cet \u00e9v\u00e9nement est imminent et le temps qui le pr\u00e9c\u00e8de est important. Chaque partage, chaque conversation et chaque contribution permet d'attirer l'attention sur ceux qui en ont le plus besoin.<\/p>","protected":false},"excerpt":{"rendered":"<p>A 100km run to stand for those who cannot run for their freedom. On April 19, something special is happening in Geneva. Lyan is going to run 100 kilometers, not for a race and not for a medal, but for people who can\u2019t run anymore. Some of them are in prison. Some of them are [&hellip;]<\/p>\n","protected":false},"featured_media":32184,"template":"","project-category":[],"class_list":["post-32188","projects","type-projects","status-publish","has-post-thumbnail","hentry"],"_links":{"self":[{"href":"https:\/\/vereinwelle.ch\/fr\/wp-json\/wp\/v2\/projects\/32188","targetHints":{"allow":["GET"]}}],"collection":[{"href":"https:\/\/vereinwelle.ch\/fr\/wp-json\/wp\/v2\/projects"}],"about":[{"href":"https:\/\/vereinwelle.ch\/fr\/wp-json\/wp\/v2\/types\/projects"}],"wp:featuredmedia":[{"embeddable":true,"href":"https:\/\/vereinwelle.ch\/fr\/wp-json\/wp\/v2\/media\/32184"}],"wp:attachment":[{"href":"https:\/\/vereinwelle.ch\/fr\/wp-json\/wp\/v2\/media?parent=32188"}],"wp:term":[{"taxonomy":"project-category","embeddable":true,"href":"https:\/\/vereinwelle.ch\/fr\/wp-json\/wp\/v2\/project-category?post=32188"}],"curies":[{"name":"wp","href":"https:\/\/api.w.org\/{rel}","templated":true}]}}

<h2 class="wp-block-heading">Une course de 100 km pour défendre ceux qui ne peuvent pas courir pour leur liberté.</h2>



<p>Le 19 avril, il se passe quelque chose de spécial à Genève. Lyan va courir 100 kilomètres, non pas pour une course ou une médaille, mais pour des personnes qui ne peuvent plus courir. Certains d'entre eux sont en prison. Certains d'entre eux risquent d'être exécutés.</p>



<h2 class="wp-block-heading">Un message de Lyan</h2>



<blockquote class="wp-block-quote is-layout-flow wp-block-quote-is-layout-flow">
<p>“Bonjour, je m'appelle Lyan. Je suis quelqu'un qui ne peut plus ignorer ce qui se passe dans le monde. Je ne peux pas rester silencieux devant <strong>L'Iran</strong>, au Soudan ou au Congo. Même si nous n'en entendons pas parler tous les jours, des gens luttent de manière très concrète. Je me suis demandé ce que je pouvais faire, et voici ce que j'ai trouvé. Le 19 avril, je vais courir 100 kilomètres sur une piste à Versoix, à Genève. Ce sera beaucoup de tours et beaucoup d'heures, et honnêtement, j'aimerais bien ne pas le faire seule. Si vous êtes dans le coin, vous pouvez vous joindre à moi pour un tour ou même juste quelques minutes. Le simple fait d'être là signifie déjà beaucoup. Si vous ne pouvez pas venir, vous pouvez toujours soutenir la cause.</p>



<p>Si vous avez envie de nous soutenir en courant, en faisant un don ou simplement en partageant, cela signifierait beaucoup pour moi. Je vous remercie. Vous pouvez également suivre le voyage ici : <a href="https://www.instagram.com/lyan.kwh/" target="_blank" rel="noopener">https://www.instagram.com/lyan.kwh/</a> “</p>
</blockquote>



<h2 class="wp-block-heading">Pourquoi cette course pour les droits de l'homme en Iran est-elle importante ?</h2>



<p>En ce moment, l'attention du monde entier est largement focalisée sur la guerre et la politique, mais derrière cela, il se passe quelque chose de plus silencieux et de tout aussi grave. En Iran, de nombreuses personnes sont emprisonnées sans visibilité, sans protection et souvent sans voix. Les familles restent sans réponse et, dans de nombreux cas, le monde ne regarde tout simplement pas. Cette course est un moyen d'attirer l'attention sur les droits de l'homme en Iran et sur les personnes les plus menacées.</p>



<h2 class="wp-block-heading">Ce que Verein Welle fait pour les droits de l'homme</h2>



<p>Verein Welle s'efforce de documenter les violations des droits de l'homme en Iran, de sensibiliser la communauté internationale et d'attirer l'attention du monde entier sur les cas de prisonniers en danger. Grâce à une documentation continue, à la communication et au plaidoyer, l'objectif est de s'assurer que ces histoires ne soient pas oubliées et que la pression reste visible. Le soutien de personnes comme vous nous permet de poursuivre ce travail.</p>



<h2 class="wp-block-heading">Détails de la course à Genève</h2>



<p>La course aura lieu le 19 avril à <a href="https://share.google/Gk4LhuOUkX2WNnLwk" data-type="link" data-id="https://share.google/Gk4LhuOUkX2WNnLwk" target="_blank" rel="noopener">Versoix, Genève</a>. La distance totale est de 100 kilomètres sur piste, ce qui signifie plusieurs heures de course continue. Il n'est pas nécessaire de courir toute la distance pour participer. Vous pouvez vous joindre à nous pour une courte distance, venir nous soutenir en personne ou suivre le parcours où que vous soyez.</p>



<h2 class="wp-block-heading">Comment soutenir cette course aux droits de l'homme</h2>



<p>Si cela vous parle, il existe des moyens simples de participer. Vous pouvez rejoindre la course à Genève, partager ce projet avec d'autres personnes ou soutenir la campagne.<br>Chaque petite action contribue à accroître la visibilité et le soutien des droits de l'homme en Iran.</p>



<h3 class="wp-block-heading"><a href="https://vereinwelle.ch/fr/faire-un-don/" data-type="link" data-id="https://vereinwelle.ch/make-a-donation/">Faites un don maintenant !</a></h3>



<h3 class="wp-block-heading"><a href="https://www.gofundme.com/f/run-for-iran" data-type="link" data-id="https://vereinwelle.ch/make-a-donation/" target="_blank" rel="noopener">Partagez maintenant !</a></h3>



<iframe width="560" height="315" src="https://www.youtube.com/embed/lxZmevkEnF8?si=psqypzq9XS7maU3F" title="Lecteur vidéo YouTube" frameborder="0" allow="accelerometer; autoplay; clipboard-write; encrypted-media; gyroscope; picture-in-picture; web-share" referrerpolicy="strict-origin-when-cross-origin" allowfullscreen></iframe>



<h2 class="wp-block-heading">Avant le 19 avril</h2>



<p>Cet événement est imminent et le temps qui le précède est important. Chaque partage, chaque conversation et chaque contribution permet d'attirer l'attention sur ceux qui en ont le plus besoin.</p>
